{"version":"1.0","provider_name":"Itaka-Escolapios","provider_url":"https:\/\/www.itakaescolapios.org\/ca\/","author_name":"cameroun01","author_url":"https:\/\/www.itakaescolapios.org\/ca\/author\/cameroun01\/","title":"Entrando en la Cuaresma en \u00c1frica Central: Mi\u00e9rcoles de Ceniza","type":"rich","width":600,"height":338,"html":"<blockquote class=\"wp-embedded-content\" data-secret=\"QYszYPq4Eh\"><a href=\"https:\/\/www.itakaescolapios.org\/ca\/2024\/02\/english-entering-lent-in-central-africa-ash-wednesday\/\">Entrando en la Cuaresma en \u00c1frica Central: Mi\u00e9rcoles de Ceniza<\/a><\/blockquote><iframe sandbox=\"allow-scripts\" security=\"restricted\" src=\"https:\/\/www.itakaescolapios.org\/ca\/2024\/02\/english-entering-lent-in-central-africa-ash-wednesday\/embed\/#?secret=QYszYPq4Eh\" width=\"600\" height=\"338\" title=\"&#8220;Entrando en la Cuaresma en \u00c1frica Central: Mi\u00e9rcoles de Ceniza&#8221; &#8212; Itaka-Escolapios\" data-secret=\"QYszYPq4Eh\" frameborder=\"0\" marginwidth=\"0\" marginheight=\"0\" scrolling=\"no\" class=\"wp-embedded-content\"><\/iframe><script type=\"text\/javascript\">\n\/* <![CDATA[ *\/\n\/*! This file is auto-generated *\/\n!function(d,l){\"use strict\";l.querySelector&&d.addEventListener&&\"undefined\"!=typeof URL&&(d.wp=d.wp||{},d.wp.receiveEmbedMessage||(d.wp.receiveEmbedMessage=function(e){var t=e.data;if((t||t.secret||t.message||t.value)&&!\/[^a-zA-Z0-9]\/.test(t.secret)){for(var s,r,n,a=l.querySelectorAll('iframe[data-secret=\"'+t.secret+'\"]'),o=l.querySelectorAll('blockquote[data-secret=\"'+t.secret+'\"]'),c=new RegExp(\"^https?:$\",\"i\"),i=0;i<o.length;i++)o[i].style.display=\"none\";for(i=0;i<a.length;i++)s=a[i],e.source===s.contentWindow&&(s.removeAttribute(\"style\"),\"height\"===t.message?(1e3<(r=parseInt(t.value,10))?r=1e3:~~r<200&&(r=200),s.height=r):\"link\"===t.message&&(r=new URL(s.getAttribute(\"src\")),n=new URL(t.value),c.test(n.protocol))&&n.host===r.host&&l.activeElement===s&&(d.top.location.href=t.value))}},d.addEventListener(\"message\",d.wp.receiveEmbedMessage,!1),l.addEventListener(\"DOMContentLoaded\",function(){for(var e,t,s=l.querySelectorAll(\"iframe.wp-embedded-content\"),r=0;r<s.length;r++)(t=(e=s[r]).getAttribute(\"data-secret\"))||(t=Math.random().toString(36).substring(2,12),e.src+=\"#?secret=\"+t,e.setAttribute(\"data-secret\",t)),e.contentWindow.postMessage({message:\"ready\",secret:t},\"*\")},!1)))}(window,document);\n\/\/# sourceURL=https:\/\/www.itakaescolapios.org\/wp-includes\/js\/wp-embed.min.js\n\/* ]]> *\/\n<\/script>\n","thumbnail_url":"https:\/\/www.itakaescolapios.org\/wp-content\/uploads\/2024\/02\/WhatsApp-Image-2024-02-14-at-09.02.33-2-1.jpeg","thumbnail_width":1080,"thumbnail_height":607,"description":"Este mi\u00e9rcoles, 14 de febrero de 2024, marca el inicio de la Cuaresma en la Iglesia Cat\u00f3lica. Tambi\u00e9n conocido como Mi\u00e9rcoles de Ceniza, el 14 de febrero marca el inicio de la Cuaresma con la imposici\u00f3n de la ceniza. En las escuelas de la provincia centroafricana se celebraron misas en las que se invitaba a&hellip;"}

Entrando en la Cuaresma en África Central: Miércoles de Ceniza

<blockquote class="wp-embedded-content" data-secret="QYszYPq4Eh"><a href="https://www.itakaescolapios.org/ca/2024/02/english-entering-lent-in-central-africa-ash-wednesday/">Entrando en la Cuaresma en África Central: Miércoles de Ceniza</a></blockquote><iframe sandbox="allow-scripts" security="restricted" src="https://www.itakaescolapios.org/ca/2024/02/english-entering-lent-in-central-africa-ash-wednesday/embed/#?secret=QYszYPq4Eh" width="600" height="338" title="&#8220;Entrando en la Cuaresma en África Central: Miércoles de Ceniza&#8221; &#8212; Itaka-Escolapios" data-secret="QYszYPq4Eh" frameborder="0" marginwidth="0" marginheight="0" scrolling="no" class="wp-embedded-content"></iframe><script type="text/javascript">
/* <![CDATA[ */
/*! This file is auto-generated */
!function(d,l){"use strict";l.querySelector&&d.addEventListener&&"undefined"!=typeof URL&&(d.wp=d.wp||{},d.wp.receiveEmbedMessage||(d.wp.receiveEmbedMessage=function(e){var t=e.data;if((t||t.secret||t.message||t.value)&&!/[^a-zA-Z0-9]/.test(t.secret)){for(var s,r,n,a=l.querySelectorAll('iframe[data-secret="'+t.secret+'"]'),o=l.querySelectorAll('blockquote[data-secret="'+t.secret+'"]'),c=new RegExp("^https?:$","i"),i=0;i<o.length;i++)o[i].style.display="none";for(i=0;i<a.length;i++)s=a[i],e.source===s.contentWindow&&(s.removeAttribute("style"),"height"===t.message?(1e3<(r=parseInt(t.value,10))?r=1e3:~~r<200&&(r=200),s.height=r):"link"===t.message&&(r=new URL(s.getAttribute("src")),n=new URL(t.value),c.test(n.protocol))&&n.host===r.host&&l.activeElement===s&&(d.top.location.href=t.value))}},d.addEventListener("message",d.wp.receiveEmbedMessage,!1),l.addEventListener("DOMContentLoaded",function(){for(var e,t,s=l.querySelectorAll("iframe.wp-embedded-content"),r=0;r<s.length;r++)(t=(e=s[r]).getAttribute("data-secret"))||(t=Math.random().toString(36).substring(2,12),e.src+="#?secret="+t,e.setAttribute("data-secret",t)),e.contentWindow.postMessage({message:"ready",secret:t},"*")},!1)))}(window,document);
//# sourceURL=https://www.itakaescolapios.org/wp-includes/js/wp-embed.min.js
/* ]]> */
</script>

Este miércoles, 14 de febrero de 2024, marca el inicio de la Cuaresma en la Iglesia Católica. También conocido como Miércoles de Ceniza, el 14 de febrero marca el inicio de la Cuaresma con la imposición de la ceniza. En las escuelas de la provincia centroafricana se celebraron misas en las que se invitaba a&hellip;
