{"id":24885,"date":"2018-10-17T14:26:05","date_gmt":"2018-10-17T13:26:05","guid":{"rendered":"https:\/\/www.itakaescolapios.org\/?page_id=24885"},"modified":"2023-11-28T12:37:11","modified_gmt":"2023-11-28T11:37:11","slug":"amawole","status":"publish","type":"page","link":"https:\/\/www.itakaescolapios.org\/ca\/amawole\/","title":{"rendered":"AMAWOL\u00c9"},"content":{"rendered":"<p><iframe loading=\"lazy\" title=\"Amawol\u00e9 - Comptine congolaise pour maternelles\" width=\"1080\" height=\"608\" src=\"https:\/\/www.youtube.com\/embed\/Uw3pprp_btw?feature=oembed\"  allow=\"accelerometer; autoplay; clipboard-write; encrypted-media; gyroscope; picture-in-picture; web-share\" referrerpolicy=\"strict-origin-when-cross-origin\" allowfullscreen><\/iframe><\/p>\n<p>La m\u00fasica es uno de los elementos centrales de la vida en la Rep\u00fablica Democr\u00e1tica del Congo. Durante d\u00e9cadas, la Rep\u00fablica Democr\u00e1tica del Congo ha contagiado su m\u00fasica al resto del continente africano, una m\u00fasica cuyo eco no se limita a este continente. En los a\u00f1os 50 y 60 fue el soukous y en la actualidad un ritmo adaptado, el ndombolo.<\/p>\n<p>Son muchas las estrellas congole\u00f1as que marcan los ritmos a nivel internacional. BLA nos propone en esta actividad convertirnos en estrellas de la m\u00fasica e internacionalizar una canci\u00f3n t\u00edpica de la Rep\u00fablica Democr\u00e1tica del Congo, AMAWOL\u00c9.<\/p>\n<p>Se trata de una canci\u00f3n que los ni\u00f1os y ni\u00f1as cantan en sus grupos scout o mientras entrenan a diferentes deportes.<\/p>\n<p>Descarga la ficha <strong><span style=\"color: #808000;\"><a href=\"https:\/\/www.itakaescolapios.org\/wp-content\/uploads\/2018\/10\/FICHA-AMAWOL\u00c9.pdf\" target=\"_blank\" rel=\"noopener\"><span style=\"color: #808000;\">AMAWOL\u00c9<\/span><\/a><\/span><\/strong><\/p>\n<p>Descarga la\u00a0<strong><span style=\"color: #808000;\"><a href=\"https:\/\/www.itakaescolapios.org\/wp-content\/uploads\/2018\/10\/Amawol\u00e9-letra1.pdf\" target=\"_blank\" rel=\"noopener\"><span style=\"color: #808000;\">LETRA<\/span><\/a><\/span><\/strong><\/p>\n<p>Descarga la\u00a0<strong><span style=\"color: #808000;\"><a href=\"https:\/\/www.itakaescolapios.org\/wp-content\/uploads\/2018\/10\/Amawole-partitura1.pdf\" target=\"_blank\" rel=\"noopener\"><span style=\"color: #808000;\">PARTITURA<\/span><\/a><\/span><\/strong><\/p>\n<p>Base r\u00edtmica de la canci\u00f3n MP3:<\/p>\n<audio class=\"wp-audio-shortcode\" id=\"audio-24885-1\" preload=\"none\" style=\"width: 100%;\" controls=\"controls\"><source type=\"audio\/mpeg\" src=\"https:\/\/www.itakaescolapios.org\/wp-content\/uploads\/2018\/10\/3_Amawole-gui\u0301a-para-grabar-116BPM.mp3?_=1\" \/><a href=\"https:\/\/www.itakaescolapios.org\/wp-content\/uploads\/2018\/10\/3_Amawole-gui\u0301a-para-grabar-116BPM.mp3\">https:\/\/www.itakaescolapios.org\/wp-content\/uploads\/2018\/10\/3_Amawole-gui\u0301a-para-grabar-116BPM.mp3<\/a><\/audio>\n<p><iframe loading=\"lazy\" src=\"https:\/\/www.youtube.com\/embed\/s7c-7240QBA\" height=\"134\" width=\"238\" allowfullscreen=\"\" frameborder=\"0\"><\/iframe> <iframe loading=\"lazy\" src=\"https:\/\/www.youtube.com\/embed\/sByHQp4O2-A\" height=\"134\" width=\"238\" allowfullscreen=\"\" frameborder=\"0\"><\/iframe><!--more--><\/p>\n","protected":false},"excerpt":{"rendered":"<p>La m\u00fasica es uno de los elementos centrales de la vida en la Rep\u00fablica Democr\u00e1tica del Congo. Durante d\u00e9cadas, la Rep\u00fablica Democr\u00e1tica del Congo ha contagiado su m\u00fasica al resto [&hellip;]<\/p>\n","protected":false},"author":46,"featured_media":0,"parent":0,"menu_order":0,"comment_status":"closed","ping_status":"closed","template":"","meta":{"_et_pb_use_builder":"","_et_pb_old_content":"","_et_gb_content_width":"","footnotes":""},"class_list":["post-24885","page","type-page","status-publish","hentry"],"yoast_head":"<!-- This site is optimized with the Yoast SEO plugin v27.4 - https:\/\/yoast.com\/product\/yoast-seo-wordpress\/ -->\n<title>AMAWOL\u00c9<\/title>\n<meta name=\"description\" content=\"https:\/\/youtu.be\/Uw3pprp_btw La m\u00fasica es uno de los elementos centrales de la vida en la Rep\u00fablica Democr\u00e1tica del Congo. Durante d\u00e9cadas, la Rep\u00fablica Democr\u00e1tica del Congo ha contagiado su m\u00fasica al resto del continente africano, una m\u00fasica cuyo eco no se limita a este continente. En los a\u00f1os 50 y 60 fue el soukous y en&hellip;\" \/>\n<meta name=\"robots\" content=\"index, follow, max-snippet:-1, max-image-preview:large, max-video-preview:-1\" \/>\n<link rel=\"canonical\" href=\"https:\/\/youtu.be\/Uw3pprp_btw%20La%20m\u00fasica%20es%20uno%20de%20los%20elementos%20centrales%20de%20la%20vida%20en%20la%20Rep\u00fablica%20Democr\u00e1tica%20del%20Congo.%20Durante%20d\u00e9cadas,%20la%20Rep\u00fablica%20Democr\u00e1tica%20del%20Congo%20ha%20contagiado%20su%20m\u00fasica%20al%20resto%20del%20continente%20africano,%20una%20m\u00fasica%20cuyo%20eco%20no%20se%20limita%20a%20este%20continente.%20En%20los%20a\u00f1os%2050%20y%2060%20fue%20el%20soukous%20y%20en&hellip;\" \/>\n<meta property=\"og:locale\" content=\"ca_ES\" \/>\n<meta property=\"og:type\" content=\"article\" \/>\n<meta property=\"og:title\" content=\"AMAWOL\u00c9\" \/>\n<meta property=\"og:description\" content=\"https:\/\/youtu.be\/Uw3pprp_btw La m\u00fasica es uno de los elementos centrales de la vida en la Rep\u00fablica Democr\u00e1tica del Congo. Durante d\u00e9cadas, la Rep\u00fablica Democr\u00e1tica del Congo ha contagiado su m\u00fasica al resto del continente africano, una m\u00fasica cuyo eco no se limita a este continente. En los a\u00f1os 50 y 60 fue el soukous y en&hellip;\" \/>\n<meta property=\"og:url\" content=\"https:\/\/www.itakaescolapios.org\/ca\/amawole\/\" \/>\n<meta property=\"og:site_name\" content=\"Itaka-Escolapios\" \/>\n<meta property=\"article:modified_time\" content=\"2023-11-28T11:37:11+00:00\" \/>\n<meta name=\"twitter:card\" content=\"summary_large_image\" \/>\n<meta name=\"twitter:label1\" content=\"Temps estimat de lectura\" \/>\n\t<meta name=\"twitter:data1\" content=\"1 minut\" \/>\n<script type=\"application\/ld+json\" class=\"yoast-schema-graph\">{\"@context\":\"https:\\\/\\\/schema.org\",\"@graph\":[{\"@type\":\"WebPage\",\"@id\":\"https:\\\/\\\/www.itakaescolapios.org\\\/ca\\\/amawole\\\/\",\"url\":\"https:\\\/\\\/www.itakaescolapios.org\\\/ca\\\/amawole\\\/\",\"name\":\"AMAWOL\u00c9 - Itaka-Escolapios\",\"isPartOf\":{\"@id\":\"https:\\\/\\\/www.itakaescolapios.org\\\/es\\\/#website\"},\"datePublished\":\"2018-10-17T13:26:05+00:00\",\"dateModified\":\"2023-11-28T11:37:11+00:00\",\"breadcrumb\":{\"@id\":\"https:\\\/\\\/www.itakaescolapios.org\\\/ca\\\/amawole\\\/#breadcrumb\"},\"inLanguage\":\"ca\",\"potentialAction\":[{\"@type\":\"ReadAction\",\"target\":[\"https:\\\/\\\/www.itakaescolapios.org\\\/ca\\\/amawole\\\/\"]}]},{\"@type\":\"BreadcrumbList\",\"@id\":\"https:\\\/\\\/www.itakaescolapios.org\\\/ca\\\/amawole\\\/#breadcrumb\",\"itemListElement\":[{\"@type\":\"ListItem\",\"position\":1,\"name\":\"Itaka-Escolapios\",\"item\":\"https:\\\/\\\/www.itakaescolapios.org\\\/es\\\/\"},{\"@type\":\"ListItem\",\"position\":2,\"name\":\"AMAWOL\u00c9\"}]},{\"@type\":\"WebSite\",\"@id\":\"https:\\\/\\\/www.itakaescolapios.org\\\/ca\\\/es\\\/#website\",\"url\":\"https:\\\/\\\/www.itakaescolapios.org\\\/ca\\\/es\\\/\",\"name\":\"Itaka-Escolapios\",\"description\":\"Red de Itaka-Escolapios\",\"publisher\":{\"@id\":\"https:\\\/\\\/www.itakaescolapios.org\\\/ca\\\/es\\\/#organization\"},\"potentialAction\":[{\"@type\":\"SearchAction\",\"target\":{\"@type\":\"EntryPoint\",\"urlTemplate\":\"https:\\\/\\\/www.itakaescolapios.org\\\/ca\\\/es\\\/?s={search_term_string}\"},\"query-input\":{\"@type\":\"PropertyValueSpecification\",\"valueRequired\":true,\"valueName\":\"search_term_string\"}}],\"inLanguage\":\"ca\"},{\"@type\":\"Organization\",\"@id\":\"https:\\\/\\\/www.itakaescolapios.org\\\/ca\\\/es\\\/#organization\",\"name\":\"Fundaci\u00f3 Itaka-Escolapios\",\"url\":\"https:\\\/\\\/www.itakaescolapios.org\\\/ca\\\/es\\\/\",\"logo\":{\"@type\":\"ImageObject\",\"inLanguage\":\"ca\",\"@id\":\"https:\\\/\\\/www.itakaescolapios.org\\\/ca\\\/es\\\/#\\\/schema\\\/logo\\\/image\\\/\",\"url\":\"https:\\\/\\\/www.itakaescolapios.org\\\/wp-content\\\/uploads\\\/2024\\\/04\\\/Logo-itakaescolapios-peque.png\",\"contentUrl\":\"https:\\\/\\\/www.itakaescolapios.org\\\/wp-content\\\/uploads\\\/2024\\\/04\\\/Logo-itakaescolapios-peque.png\",\"width\":500,\"height\":199,\"caption\":\"Fundaci\u00f3 Itaka-Escolapios\"},\"image\":{\"@id\":\"https:\\\/\\\/www.itakaescolapios.org\\\/ca\\\/es\\\/#\\\/schema\\\/logo\\\/image\\\/\"}}]}<\/script>\n<!-- \/ Yoast SEO plugin. -->","yoast_head_json":{"title":"AMAWOL\u00c9","description":"https:\/\/youtu.be\/Uw3pprp_btw La m\u00fasica es uno de los elementos centrales de la vida en la Rep\u00fablica Democr\u00e1tica del Congo. Durante d\u00e9cadas, la Rep\u00fablica Democr\u00e1tica del Congo ha contagiado su m\u00fasica al resto del continente africano, una m\u00fasica cuyo eco no se limita a este continente. En los a\u00f1os 50 y 60 fue el soukous y en&hellip;","robots":{"index":"index","follow":"follow","max-snippet":"max-snippet:-1","max-image-preview":"max-image-preview:large","max-video-preview":"max-video-preview:-1"},"canonical":"https:\/\/youtu.be\/Uw3pprp_btw La m\u00fasica es uno de los elementos centrales de la vida en la Rep\u00fablica Democr\u00e1tica del Congo. Durante d\u00e9cadas, la Rep\u00fablica Democr\u00e1tica del Congo ha contagiado su m\u00fasica al resto del continente africano, una m\u00fasica cuyo eco no se limita a este continente. En los a\u00f1os 50 y 60 fue el soukous y en&hellip;","og_locale":"ca_ES","og_type":"article","og_title":"AMAWOL\u00c9","og_description":"https:\/\/youtu.be\/Uw3pprp_btw La m\u00fasica es uno de los elementos centrales de la vida en la Rep\u00fablica Democr\u00e1tica del Congo. Durante d\u00e9cadas, la Rep\u00fablica Democr\u00e1tica del Congo ha contagiado su m\u00fasica al resto del continente africano, una m\u00fasica cuyo eco no se limita a este continente. En los a\u00f1os 50 y 60 fue el soukous y en&hellip;","og_url":"https:\/\/www.itakaescolapios.org\/ca\/amawole\/","og_site_name":"Itaka-Escolapios","article_modified_time":"2023-11-28T11:37:11+00:00","twitter_card":"summary_large_image","twitter_misc":{"Temps estimat de lectura":"1 minut"},"schema":{"@context":"https:\/\/schema.org","@graph":[{"@type":"WebPage","@id":"https:\/\/www.itakaescolapios.org\/ca\/amawole\/","url":"https:\/\/www.itakaescolapios.org\/ca\/amawole\/","name":"AMAWOL\u00c9 - Itaka-Escolapios","isPartOf":{"@id":"https:\/\/www.itakaescolapios.org\/es\/#website"},"datePublished":"2018-10-17T13:26:05+00:00","dateModified":"2023-11-28T11:37:11+00:00","breadcrumb":{"@id":"https:\/\/www.itakaescolapios.org\/ca\/amawole\/#breadcrumb"},"inLanguage":"ca","potentialAction":[{"@type":"ReadAction","target":["https:\/\/www.itakaescolapios.org\/ca\/amawole\/"]}]},{"@type":"BreadcrumbList","@id":"https:\/\/www.itakaescolapios.org\/ca\/amawole\/#breadcrumb","itemListElement":[{"@type":"ListItem","position":1,"name":"Itaka-Escolapios","item":"https:\/\/www.itakaescolapios.org\/es\/"},{"@type":"ListItem","position":2,"name":"AMAWOL\u00c9"}]},{"@type":"WebSite","@id":"https:\/\/www.itakaescolapios.org\/ca\/es\/#website","url":"https:\/\/www.itakaescolapios.org\/ca\/es\/","name":"Itaka-Escolapios","description":"Red de Itaka-Escolapios","publisher":{"@id":"https:\/\/www.itakaescolapios.org\/ca\/es\/#organization"},"potentialAction":[{"@type":"SearchAction","target":{"@type":"EntryPoint","urlTemplate":"https:\/\/www.itakaescolapios.org\/ca\/es\/?s={search_term_string}"},"query-input":{"@type":"PropertyValueSpecification","valueRequired":true,"valueName":"search_term_string"}}],"inLanguage":"ca"},{"@type":"Organization","@id":"https:\/\/www.itakaescolapios.org\/ca\/es\/#organization","name":"Fundaci\u00f3 Itaka-Escolapios","url":"https:\/\/www.itakaescolapios.org\/ca\/es\/","logo":{"@type":"ImageObject","inLanguage":"ca","@id":"https:\/\/www.itakaescolapios.org\/ca\/es\/#\/schema\/logo\/image\/","url":"https:\/\/www.itakaescolapios.org\/wp-content\/uploads\/2024\/04\/Logo-itakaescolapios-peque.png","contentUrl":"https:\/\/www.itakaescolapios.org\/wp-content\/uploads\/2024\/04\/Logo-itakaescolapios-peque.png","width":500,"height":199,"caption":"Fundaci\u00f3 Itaka-Escolapios"},"image":{"@id":"https:\/\/www.itakaescolapios.org\/ca\/es\/#\/schema\/logo\/image\/"}}]}},"_links":{"self":[{"href":"https:\/\/www.itakaescolapios.org\/ca\/wp-json\/wp\/v2\/pages\/24885","targetHints":{"allow":["GET"]}}],"collection":[{"href":"https:\/\/www.itakaescolapios.org\/ca\/wp-json\/wp\/v2\/pages"}],"about":[{"href":"https:\/\/www.itakaescolapios.org\/ca\/wp-json\/wp\/v2\/types\/page"}],"author":[{"embeddable":true,"href":"https:\/\/www.itakaescolapios.org\/ca\/wp-json\/wp\/v2\/users\/46"}],"replies":[{"embeddable":true,"href":"https:\/\/www.itakaescolapios.org\/ca\/wp-json\/wp\/v2\/comments?post=24885"}],"version-history":[{"count":46,"href":"https:\/\/www.itakaescolapios.org\/ca\/wp-json\/wp\/v2\/pages\/24885\/revisions"}],"predecessor-version":[{"id":46236,"href":"https:\/\/www.itakaescolapios.org\/ca\/wp-json\/wp\/v2\/pages\/24885\/revisions\/46236"}],"wp:attachment":[{"href":"https:\/\/www.itakaescolapios.org\/ca\/wp-json\/wp\/v2\/media?parent=24885"}],"curies":[{"name":"wp","href":"https:\/\/api.w.org\/{rel}","templated":true}]}}

AMAWOLÉ

<p><iframe loading="lazy" title="Amawolé - Comptine congolaise pour maternelles" width="1080" height="608" src="https://www.youtube.com/embed/Uw3pprp_btw?feature=oembed"  allow="accelerometer; autoplay; clipboard-write; encrypted-media; gyroscope; picture-in-picture; web-share" referrerpolicy="strict-origin-when-cross-origin" allowfullscreen></iframe></p>
<p>La música es uno de los elementos centrales de la vida en la República Democrática del Congo. Durante décadas, la República Democrática del Congo ha contagiado su música al resto del continente africano, una música cuyo eco no se limita a este continente. En los años 50 y 60 fue el soukous y en la actualidad un ritmo adaptado, el ndombolo.</p>
<p>Son muchas las estrellas congoleñas que marcan los ritmos a nivel internacional. BLA nos propone en esta actividad convertirnos en estrellas de la música e internacionalizar una canción típica de la República Democrática del Congo, AMAWOLÉ.</p>
<p>Se trata de una canción que los niños y niñas cantan en sus grupos scout o mientras entrenan a diferentes deportes.</p>
<p>Descarga la ficha <strong><span style="color: #808000;"><a href="https://www.itakaescolapios.org/wp-content/uploads/2018/10/FICHA-AMAWOLÉ.pdf" target="_blank" rel="noopener"><span style="color: #808000;">AMAWOLÉ</span></a></span></strong></p>
<p>Descarga la <strong><span style="color: #808000;"><a href="https://www.itakaescolapios.org/wp-content/uploads/2018/10/Amawolé-letra1.pdf" target="_blank" rel="noopener"><span style="color: #808000;">LETRA</span></a></span></strong></p>
<p>Descarga la <strong><span style="color: #808000;"><a href="https://www.itakaescolapios.org/wp-content/uploads/2018/10/Amawole-partitura1.pdf" target="_blank" rel="noopener"><span style="color: #808000;">PARTITURA</span></a></span></strong></p>
<p>Base rítmica de la canción MP3:</p>
<audio class="wp-audio-shortcode" id="audio-24885-1" preload="none" style="width: 100%;" controls="controls"><source type="audio/mpeg" src="https://www.itakaescolapios.org/wp-content/uploads/2018/10/3_Amawole-guía-para-grabar-116BPM.mp3?_=1" /><a href="https://www.itakaescolapios.org/wp-content/uploads/2018/10/3_Amawole-guía-para-grabar-116BPM.mp3">https://www.itakaescolapios.org/wp-content/uploads/2018/10/3_Amawole-guía-para-grabar-116BPM.mp3</a></audio>
<p><iframe loading="lazy" src="https://www.youtube.com/embed/s7c-7240QBA" height="134" width="238" allowfullscreen="" frameborder="0"></iframe> <iframe loading="lazy" src="https://www.youtube.com/embed/sByHQp4O2-A" height="134" width="238" allowfullscreen="" frameborder="0"></iframe><!--more--></p>

<p>La música es uno de los elementos centrales de la vida en la República Democrática del Congo. Durante décadas, la República Democrática del Congo ha contagiado su música al resto [&hellip;]</p>

<!-- This site is optimized with the Yoast SEO plugin v27.4 - https://yoast.com/product/yoast-seo-wordpress/ -->
<title>AMAWOLÉ</title>
<meta name="description" content="https://youtu.be/Uw3pprp_btw La música es uno de los elementos centrales de la vida en la República Democrática del Congo. Durante décadas, la República Democrática del Congo ha contagiado su música al resto del continente africano, una música cuyo eco no se limita a este continente. En los años 50 y 60 fue el soukous y en&hellip;" />
<meta name="robots" content="index, follow, max-snippet:-1, max-image-preview:large, max-video-preview:-1" />
<link rel="canonical" href="https://youtu.be/Uw3pprp_btw%20La%20música%20es%20uno%20de%20los%20elementos%20centrales%20de%20la%20vida%20en%20la%20República%20Democrática%20del%20Congo.%20Durante%20décadas,%20la%20República%20Democrática%20del%20Congo%20ha%20contagiado%20su%20música%20al%20resto%20del%20continente%20africano,%20una%20música%20cuyo%20eco%20no%20se%20limita%20a%20este%20continente.%20En%20los%20años%2050%20y%2060%20fue%20el%20soukous%20y%20en&hellip;" />
<meta property="og:locale" content="ca_ES" />
<meta property="og:type" content="article" />
<meta property="og:title" content="AMAWOLÉ" />
<meta property="og:description" content="https://youtu.be/Uw3pprp_btw La música es uno de los elementos centrales de la vida en la República Democrática del Congo. Durante décadas, la República Democrática del Congo ha contagiado su música al resto del continente africano, una música cuyo eco no se limita a este continente. En los años 50 y 60 fue el soukous y en&hellip;" />
<meta property="og:url" content="https://www.itakaescolapios.org/ca/amawole/" />
<meta property="og:site_name" content="Itaka-Escolapios" />
<meta property="article:modified_time" content="2023-11-28T11:37:11+00:00" />
<meta name="twitter:card" content="summary_large_image" />
<meta name="twitter:label1" content="Temps estimat de lectura" />
	<meta name="twitter:data1" content="1 minut" />
<script type="application/ld+json" class="yoast-schema-graph">{"@context":"https:\/\/schema.org","@graph":[{"@type":"WebPage","@id":"https:\/\/www.itakaescolapios.org\/ca\/amawole\/","url":"https:\/\/www.itakaescolapios.org\/ca\/amawole\/","name":"AMAWOLÉ - Itaka-Escolapios","isPartOf":{"@id":"https:\/\/www.itakaescolapios.org\/es\/#website"},"datePublished":"2018-10-17T13:26:05+00:00","dateModified":"2023-11-28T11:37:11+00:00","breadcrumb":{"@id":"https:\/\/www.itakaescolapios.org\/ca\/amawole\/#breadcrumb"},"inLanguage":"ca","potentialAction":[{"@type":"ReadAction","target":["https:\/\/www.itakaescolapios.org\/ca\/amawole\/"]}]},{"@type":"BreadcrumbList","@id":"https:\/\/www.itakaescolapios.org\/ca\/amawole\/#breadcrumb","itemListElement":[{"@type":"ListItem","position":1,"name":"Itaka-Escolapios","item":"https:\/\/www.itakaescolapios.org\/es\/"},{"@type":"ListItem","position":2,"name":"AMAWOLÉ"}]},{"@type":"WebSite","@id":"https:\/\/www.itakaescolapios.org\/ca\/es\/#website","url":"https:\/\/www.itakaescolapios.org\/ca\/es\/","name":"Itaka-Escolapios","description":"Red de Itaka-Escolapios","publisher":{"@id":"https:\/\/www.itakaescolapios.org\/ca\/es\/#organization"},"potentialAction":[{"@type":"SearchAction","target":{"@type":"EntryPoint","urlTemplate":"https:\/\/www.itakaescolapios.org\/ca\/es\/?s={search_term_string}"},"query-input":{"@type":"PropertyValueSpecification","valueRequired":true,"valueName":"search_term_string"}}],"inLanguage":"ca"},{"@type":"Organization","@id":"https:\/\/www.itakaescolapios.org\/ca\/es\/#organization","name":"Fundació Itaka-Escolapios","url":"https:\/\/www.itakaescolapios.org\/ca\/es\/","logo":{"@type":"ImageObject","inLanguage":"ca","@id":"https:\/\/www.itakaescolapios.org\/ca\/es\/#\/schema\/logo\/image\/","url":"https:\/\/www.itakaescolapios.org\/wp-content\/uploads\/2024\/04\/Logo-itakaescolapios-peque.png","contentUrl":"https:\/\/www.itakaescolapios.org\/wp-content\/uploads\/2024\/04\/Logo-itakaescolapios-peque.png","width":500,"height":199,"caption":"Fundació Itaka-Escolapios"},"image":{"@id":"https:\/\/www.itakaescolapios.org\/ca\/es\/#\/schema\/logo\/image\/"}}]}</script>
<!-- / Yoast SEO plugin. -->

https://youtu.be/Uw3pprp_btw La música es uno de los elementos centrales de la vida en la República Democrática del Congo. Durante décadas, la República Democrática del Congo ha contagiado su música al resto del continente africano, una música cuyo eco no se limita a este continente. En los años 50 y 60 fue el soukous y en&hellip;

AMAWOLÉ - Itaka-Escolapios

Fundació Itaka-Escolapios
