{"id":37489,"date":"2022-10-03T18:07:50","date_gmt":"2022-10-03T17:07:50","guid":{"rendered":"https:\/\/www.itakaescolapios.org\/?page_id=37489"},"modified":"2023-11-28T12:35:41","modified_gmt":"2023-11-28T11:35:41","slug":"ojala-vitoria-gasteiz","status":"publish","type":"page","link":"https:\/\/www.itakaescolapios.org\/ca\/que-fem\/alfabetizacion-y-apoyo-escolar\/ojala-vitoria-gasteiz\/","title":{"rendered":"Ojal\u00e1 Vitoria-Gasteiz"},"content":{"rendered":"<p>Ojal\u00e1 es un proyecto que, como todos los proyectos sociales de Itaka-Escolapios, nace al observar la realidad que nos rodea, con la mirada puesta en quienes m\u00e1s sufren, en las personas olvidadas en nuestra sociedad.<\/p>\n<p>Dentro de este proyecto, trabajamos con personas migrantes, especialmente mujeres.<\/p>\n<p>Por una parte tenemos cursos de castellano, a nivel b\u00e1sico y N1, porque pensamos que el idioma es imprescindible para poder integrarse y poder salir adelante.<\/p>\n<p>Tenemos clases de castellano por las ma\u00f1anas de 10:00 a 12:00 de martes a jueves y por la tarde, de lunes a jueves, de 17:30 a 19:00<\/p>\n<p>Los viernes, con los grupos de la ma\u00f1ana, en el mismo horario de 10:00 a 12:00 hacemos actividades culturales diversas, como salidas por Vitoria, deporte, cocina, etc.<\/p>\n<p>Los viernes tenemos dos grupos que hacen manualidades y costura, con la intenci\u00f3n de que, a partir de una formaci\u00f3n, el grupo se autogestione, crezca y permita crear opciones de trabajo y un espacio para compartir, trabajar y disfrutar.<\/p>\n","protected":false},"excerpt":{"rendered":"<p>Ojal\u00e1 es un proyecto que, como todos los proyectos sociales de Itaka-Escolapios, nace al observar la realidad que nos rodea, con la mirada puesta en quienes m\u00e1s sufren, en las [&hellip;]<\/p>\n","protected":false},"author":62,"featured_media":0,"parent":78,"menu_order":0,"comment_status":"closed","ping_status":"closed","template":"","meta":{"_et_pb_use_builder":"","_et_pb_old_content":"","_et_gb_content_width":"","footnotes":""},"class_list":["post-37489","page","type-page","status-publish","hentry"],"yoast_head":"<!-- This site is optimized with the Yoast SEO plugin v27.4 - https:\/\/yoast.com\/product\/yoast-seo-wordpress\/ -->\n<title>Ojal\u00e1 Vitoria-Gasteiz<\/title>\n<meta name=\"description\" content=\"Ojal\u00e1 es un proyecto que, como todos los proyectos sociales de Itaka-Escolapios, nace al observar la realidad que nos rodea, con la mirada puesta en quienes m\u00e1s sufren, en las personas olvidadas en nuestra sociedad. Dentro de este proyecto, trabajamos con personas migrantes, especialmente mujeres. Por una parte tenemos cursos de castellano, a nivel b\u00e1sico&hellip;\" \/>\n<meta name=\"robots\" content=\"index, follow, max-snippet:-1, max-image-preview:large, max-video-preview:-1\" \/>\n<link rel=\"canonical\" href=\"http:\/\/Ojal\u00e1%20es%20un%20proyecto%20que,%20como%20todos%20los%20proyectos%20sociales%20de%20Itaka-Escolapios,%20nace%20al%20observar%20la%20realidad%20que%20nos%20rodea,%20con%20la%20mirada%20puesta%20en%20quienes%20m\u00e1s%20sufren,%20en%20las%20personas%20olvidadas%20en%20nuestra%20sociedad.%20Dentro%20de%20este%20proyecto,%20trabajamos%20con%20personas%20migrantes,%20especialmente%20mujeres.%20Por%20una%20parte%20tenemos%20cursos%20de%20castellano,%20a%20nivel%20b\u00e1sico&hellip;\" \/>\n<meta property=\"og:locale\" content=\"ca_ES\" \/>\n<meta property=\"og:type\" content=\"article\" \/>\n<meta property=\"og:title\" content=\"Ojal\u00e1 Vitoria-Gasteiz\" \/>\n<meta property=\"og:description\" content=\"Ojal\u00e1 es un proyecto que, como todos los proyectos sociales de Itaka-Escolapios, nace al observar la realidad que nos rodea, con la mirada puesta en quienes m\u00e1s sufren, en las personas olvidadas en nuestra sociedad. Dentro de este proyecto, trabajamos con personas migrantes, especialmente mujeres. Por una parte tenemos cursos de castellano, a nivel b\u00e1sico&hellip;\" \/>\n<meta property=\"og:url\" content=\"https:\/\/www.itakaescolapios.org\/ca\/que-fem\/alfabetizacion-y-apoyo-escolar\/ojala-vitoria-gasteiz\/\" \/>\n<meta property=\"og:site_name\" content=\"Itaka-Escolapios\" \/>\n<meta property=\"article:modified_time\" content=\"2023-11-28T11:35:41+00:00\" \/>\n<meta name=\"twitter:card\" content=\"summary_large_image\" \/>\n<meta name=\"twitter:label1\" content=\"Temps estimat de lectura\" \/>\n\t<meta name=\"twitter:data1\" content=\"1 minut\" \/>\n<script type=\"application\/ld+json\" class=\"yoast-schema-graph\">{\"@context\":\"https:\\\/\\\/schema.org\",\"@graph\":[{\"@type\":\"WebPage\",\"@id\":\"https:\\\/\\\/www.itakaescolapios.org\\\/ca\\\/que-fem\\\/alfabetizacion-y-apoyo-escolar\\\/ojala-vitoria-gasteiz\\\/\",\"url\":\"https:\\\/\\\/www.itakaescolapios.org\\\/ca\\\/que-fem\\\/alfabetizacion-y-apoyo-escolar\\\/ojala-vitoria-gasteiz\\\/\",\"name\":\"Ojal\u00e1 Vitoria-Gasteiz - Itaka-Escolapios\",\"isPartOf\":{\"@id\":\"https:\\\/\\\/www.itakaescolapios.org\\\/es\\\/#website\"},\"datePublished\":\"2022-10-03T17:07:50+00:00\",\"dateModified\":\"2023-11-28T11:35:41+00:00\",\"breadcrumb\":{\"@id\":\"https:\\\/\\\/www.itakaescolapios.org\\\/ca\\\/que-fem\\\/alfabetizacion-y-apoyo-escolar\\\/ojala-vitoria-gasteiz\\\/#breadcrumb\"},\"inLanguage\":\"ca\",\"potentialAction\":[{\"@type\":\"ReadAction\",\"target\":[\"https:\\\/\\\/www.itakaescolapios.org\\\/ca\\\/que-fem\\\/alfabetizacion-y-apoyo-escolar\\\/ojala-vitoria-gasteiz\\\/\"]}]},{\"@type\":\"BreadcrumbList\",\"@id\":\"https:\\\/\\\/www.itakaescolapios.org\\\/ca\\\/que-fem\\\/alfabetizacion-y-apoyo-escolar\\\/ojala-vitoria-gasteiz\\\/#breadcrumb\",\"itemListElement\":[{\"@type\":\"ListItem\",\"position\":1,\"name\":\"Itaka-Escolapios\",\"item\":\"https:\\\/\\\/www.itakaescolapios.org\\\/es\\\/\"},{\"@type\":\"ListItem\",\"position\":2,\"name\":\"Qu\u00e8 fem\",\"item\":\"https:\\\/\\\/www.itakaescolapios.org\\\/es\\\/que-hacemos\\\/\"},{\"@type\":\"ListItem\",\"position\":3,\"name\":\"Alfabetizaci\u00f3n y apoyo escolar\",\"item\":\"https:\\\/\\\/www.itakaescolapios.org\\\/es\\\/que-hacemos\\\/alfabetizacion-y-apoyo-escolar\\\/\"},{\"@type\":\"ListItem\",\"position\":4,\"name\":\"Ojal\u00e1 Vitoria-Gasteiz\"}]},{\"@type\":\"WebSite\",\"@id\":\"https:\\\/\\\/www.itakaescolapios.org\\\/ca\\\/es\\\/#website\",\"url\":\"https:\\\/\\\/www.itakaescolapios.org\\\/ca\\\/es\\\/\",\"name\":\"Itaka-Escolapios\",\"description\":\"Red de Itaka-Escolapios\",\"publisher\":{\"@id\":\"https:\\\/\\\/www.itakaescolapios.org\\\/ca\\\/es\\\/#organization\"},\"potentialAction\":[{\"@type\":\"SearchAction\",\"target\":{\"@type\":\"EntryPoint\",\"urlTemplate\":\"https:\\\/\\\/www.itakaescolapios.org\\\/ca\\\/es\\\/?s={search_term_string}\"},\"query-input\":{\"@type\":\"PropertyValueSpecification\",\"valueRequired\":true,\"valueName\":\"search_term_string\"}}],\"inLanguage\":\"ca\"},{\"@type\":\"Organization\",\"@id\":\"https:\\\/\\\/www.itakaescolapios.org\\\/ca\\\/es\\\/#organization\",\"name\":\"Fundaci\u00f3 Itaka-Escolapios\",\"url\":\"https:\\\/\\\/www.itakaescolapios.org\\\/ca\\\/es\\\/\",\"logo\":{\"@type\":\"ImageObject\",\"inLanguage\":\"ca\",\"@id\":\"https:\\\/\\\/www.itakaescolapios.org\\\/ca\\\/es\\\/#\\\/schema\\\/logo\\\/image\\\/\",\"url\":\"https:\\\/\\\/www.itakaescolapios.org\\\/wp-content\\\/uploads\\\/2024\\\/04\\\/Logo-itakaescolapios-peque.png\",\"contentUrl\":\"https:\\\/\\\/www.itakaescolapios.org\\\/wp-content\\\/uploads\\\/2024\\\/04\\\/Logo-itakaescolapios-peque.png\",\"width\":500,\"height\":199,\"caption\":\"Fundaci\u00f3 Itaka-Escolapios\"},\"image\":{\"@id\":\"https:\\\/\\\/www.itakaescolapios.org\\\/ca\\\/es\\\/#\\\/schema\\\/logo\\\/image\\\/\"}}]}<\/script>\n<!-- \/ Yoast SEO plugin. -->","yoast_head_json":{"title":"Ojal\u00e1 Vitoria-Gasteiz","description":"Ojal\u00e1 es un proyecto que, como todos los proyectos sociales de Itaka-Escolapios, nace al observar la realidad que nos rodea, con la mirada puesta en quienes m\u00e1s sufren, en las personas olvidadas en nuestra sociedad. Dentro de este proyecto, trabajamos con personas migrantes, especialmente mujeres. Por una parte tenemos cursos de castellano, a nivel b\u00e1sico&hellip;","robots":{"index":"index","follow":"follow","max-snippet":"max-snippet:-1","max-image-preview":"max-image-preview:large","max-video-preview":"max-video-preview:-1"},"canonical":"Ojal\u00e1 es un proyecto que, como todos los proyectos sociales de Itaka-Escolapios, nace al observar la realidad que nos rodea, con la mirada puesta en quienes m\u00e1s sufren, en las personas olvidadas en nuestra sociedad. Dentro de este proyecto, trabajamos con personas migrantes, especialmente mujeres. Por una parte tenemos cursos de castellano, a nivel b\u00e1sico&hellip;","og_locale":"ca_ES","og_type":"article","og_title":"Ojal\u00e1 Vitoria-Gasteiz","og_description":"Ojal\u00e1 es un proyecto que, como todos los proyectos sociales de Itaka-Escolapios, nace al observar la realidad que nos rodea, con la mirada puesta en quienes m\u00e1s sufren, en las personas olvidadas en nuestra sociedad. Dentro de este proyecto, trabajamos con personas migrantes, especialmente mujeres. Por una parte tenemos cursos de castellano, a nivel b\u00e1sico&hellip;","og_url":"https:\/\/www.itakaescolapios.org\/ca\/que-fem\/alfabetizacion-y-apoyo-escolar\/ojala-vitoria-gasteiz\/","og_site_name":"Itaka-Escolapios","article_modified_time":"2023-11-28T11:35:41+00:00","twitter_card":"summary_large_image","twitter_misc":{"Temps estimat de lectura":"1 minut"},"schema":{"@context":"https:\/\/schema.org","@graph":[{"@type":"WebPage","@id":"https:\/\/www.itakaescolapios.org\/ca\/que-fem\/alfabetizacion-y-apoyo-escolar\/ojala-vitoria-gasteiz\/","url":"https:\/\/www.itakaescolapios.org\/ca\/que-fem\/alfabetizacion-y-apoyo-escolar\/ojala-vitoria-gasteiz\/","name":"Ojal\u00e1 Vitoria-Gasteiz - Itaka-Escolapios","isPartOf":{"@id":"https:\/\/www.itakaescolapios.org\/es\/#website"},"datePublished":"2022-10-03T17:07:50+00:00","dateModified":"2023-11-28T11:35:41+00:00","breadcrumb":{"@id":"https:\/\/www.itakaescolapios.org\/ca\/que-fem\/alfabetizacion-y-apoyo-escolar\/ojala-vitoria-gasteiz\/#breadcrumb"},"inLanguage":"ca","potentialAction":[{"@type":"ReadAction","target":["https:\/\/www.itakaescolapios.org\/ca\/que-fem\/alfabetizacion-y-apoyo-escolar\/ojala-vitoria-gasteiz\/"]}]},{"@type":"BreadcrumbList","@id":"https:\/\/www.itakaescolapios.org\/ca\/que-fem\/alfabetizacion-y-apoyo-escolar\/ojala-vitoria-gasteiz\/#breadcrumb","itemListElement":[{"@type":"ListItem","position":1,"name":"Itaka-Escolapios","item":"https:\/\/www.itakaescolapios.org\/es\/"},{"@type":"ListItem","position":2,"name":"Qu\u00e8 fem","item":"https:\/\/www.itakaescolapios.org\/es\/que-hacemos\/"},{"@type":"ListItem","position":3,"name":"Alfabetizaci\u00f3n y apoyo escolar","item":"https:\/\/www.itakaescolapios.org\/es\/que-hacemos\/alfabetizacion-y-apoyo-escolar\/"},{"@type":"ListItem","position":4,"name":"Ojal\u00e1 Vitoria-Gasteiz"}]},{"@type":"WebSite","@id":"https:\/\/www.itakaescolapios.org\/ca\/es\/#website","url":"https:\/\/www.itakaescolapios.org\/ca\/es\/","name":"Itaka-Escolapios","description":"Red de Itaka-Escolapios","publisher":{"@id":"https:\/\/www.itakaescolapios.org\/ca\/es\/#organization"},"potentialAction":[{"@type":"SearchAction","target":{"@type":"EntryPoint","urlTemplate":"https:\/\/www.itakaescolapios.org\/ca\/es\/?s={search_term_string}"},"query-input":{"@type":"PropertyValueSpecification","valueRequired":true,"valueName":"search_term_string"}}],"inLanguage":"ca"},{"@type":"Organization","@id":"https:\/\/www.itakaescolapios.org\/ca\/es\/#organization","name":"Fundaci\u00f3 Itaka-Escolapios","url":"https:\/\/www.itakaescolapios.org\/ca\/es\/","logo":{"@type":"ImageObject","inLanguage":"ca","@id":"https:\/\/www.itakaescolapios.org\/ca\/es\/#\/schema\/logo\/image\/","url":"https:\/\/www.itakaescolapios.org\/wp-content\/uploads\/2024\/04\/Logo-itakaescolapios-peque.png","contentUrl":"https:\/\/www.itakaescolapios.org\/wp-content\/uploads\/2024\/04\/Logo-itakaescolapios-peque.png","width":500,"height":199,"caption":"Fundaci\u00f3 Itaka-Escolapios"},"image":{"@id":"https:\/\/www.itakaescolapios.org\/ca\/es\/#\/schema\/logo\/image\/"}}]}},"_links":{"self":[{"href":"https:\/\/www.itakaescolapios.org\/ca\/wp-json\/wp\/v2\/pages\/37489","targetHints":{"allow":["GET"]}}],"collection":[{"href":"https:\/\/www.itakaescolapios.org\/ca\/wp-json\/wp\/v2\/pages"}],"about":[{"href":"https:\/\/www.itakaescolapios.org\/ca\/wp-json\/wp\/v2\/types\/page"}],"author":[{"embeddable":true,"href":"https:\/\/www.itakaescolapios.org\/ca\/wp-json\/wp\/v2\/users\/62"}],"replies":[{"embeddable":true,"href":"https:\/\/www.itakaescolapios.org\/ca\/wp-json\/wp\/v2\/comments?post=37489"}],"version-history":[{"count":5,"href":"https:\/\/www.itakaescolapios.org\/ca\/wp-json\/wp\/v2\/pages\/37489\/revisions"}],"predecessor-version":[{"id":43818,"href":"https:\/\/www.itakaescolapios.org\/ca\/wp-json\/wp\/v2\/pages\/37489\/revisions\/43818"}],"up":[{"embeddable":true,"href":"https:\/\/www.itakaescolapios.org\/ca\/wp-json\/wp\/v2\/pages\/78"}],"wp:attachment":[{"href":"https:\/\/www.itakaescolapios.org\/ca\/wp-json\/wp\/v2\/media?parent=37489"}],"curies":[{"name":"wp","href":"https:\/\/api.w.org\/{rel}","templated":true}]}}

Ojalá Vitoria-Gasteiz

<p>Ojalá es un proyecto que, como todos los proyectos sociales de Itaka-Escolapios, nace al observar la realidad que nos rodea, con la mirada puesta en quienes más sufren, en las personas olvidadas en nuestra sociedad.</p>
<p>Dentro de este proyecto, trabajamos con personas migrantes, especialmente mujeres.</p>
<p>Por una parte tenemos cursos de castellano, a nivel básico y N1, porque pensamos que el idioma es imprescindible para poder integrarse y poder salir adelante.</p>
<p>Tenemos clases de castellano por las mañanas de 10:00 a 12:00 de martes a jueves y por la tarde, de lunes a jueves, de 17:30 a 19:00</p>
<p>Los viernes, con los grupos de la mañana, en el mismo horario de 10:00 a 12:00 hacemos actividades culturales diversas, como salidas por Vitoria, deporte, cocina, etc.</p>
<p>Los viernes tenemos dos grupos que hacen manualidades y costura, con la intención de que, a partir de una formación, el grupo se autogestione, crezca y permita crear opciones de trabajo y un espacio para compartir, trabajar y disfrutar.</p>

<p>Ojalá es un proyecto que, como todos los proyectos sociales de Itaka-Escolapios, nace al observar la realidad que nos rodea, con la mirada puesta en quienes más sufren, en las [&hellip;]</p>

<!-- This site is optimized with the Yoast SEO plugin v27.4 - https://yoast.com/product/yoast-seo-wordpress/ -->
<title>Ojalá Vitoria-Gasteiz</title>
<meta name="description" content="Ojalá es un proyecto que, como todos los proyectos sociales de Itaka-Escolapios, nace al observar la realidad que nos rodea, con la mirada puesta en quienes más sufren, en las personas olvidadas en nuestra sociedad. Dentro de este proyecto, trabajamos con personas migrantes, especialmente mujeres. Por una parte tenemos cursos de castellano, a nivel básico&hellip;" />
<meta name="robots" content="index, follow, max-snippet:-1, max-image-preview:large, max-video-preview:-1" />
<link rel="canonical" href="http://Ojalá%20es%20un%20proyecto%20que,%20como%20todos%20los%20proyectos%20sociales%20de%20Itaka-Escolapios,%20nace%20al%20observar%20la%20realidad%20que%20nos%20rodea,%20con%20la%20mirada%20puesta%20en%20quienes%20más%20sufren,%20en%20las%20personas%20olvidadas%20en%20nuestra%20sociedad.%20Dentro%20de%20este%20proyecto,%20trabajamos%20con%20personas%20migrantes,%20especialmente%20mujeres.%20Por%20una%20parte%20tenemos%20cursos%20de%20castellano,%20a%20nivel%20básico&hellip;" />
<meta property="og:locale" content="ca_ES" />
<meta property="og:type" content="article" />
<meta property="og:title" content="Ojalá Vitoria-Gasteiz" />
<meta property="og:description" content="Ojalá es un proyecto que, como todos los proyectos sociales de Itaka-Escolapios, nace al observar la realidad que nos rodea, con la mirada puesta en quienes más sufren, en las personas olvidadas en nuestra sociedad. Dentro de este proyecto, trabajamos con personas migrantes, especialmente mujeres. Por una parte tenemos cursos de castellano, a nivel básico&hellip;" />
<meta property="og:url" content="https://www.itakaescolapios.org/ca/que-fem/alfabetizacion-y-apoyo-escolar/ojala-vitoria-gasteiz/" />
<meta property="og:site_name" content="Itaka-Escolapios" />
<meta property="article:modified_time" content="2023-11-28T11:35:41+00:00" />
<meta name="twitter:card" content="summary_large_image" />
<meta name="twitter:label1" content="Temps estimat de lectura" />
	<meta name="twitter:data1" content="1 minut" />
<script type="application/ld+json" class="yoast-schema-graph">{"@context":"https:\/\/schema.org","@graph":[{"@type":"WebPage","@id":"https:\/\/www.itakaescolapios.org\/ca\/que-fem\/alfabetizacion-y-apoyo-escolar\/ojala-vitoria-gasteiz\/","url":"https:\/\/www.itakaescolapios.org\/ca\/que-fem\/alfabetizacion-y-apoyo-escolar\/ojala-vitoria-gasteiz\/","name":"Ojalá Vitoria-Gasteiz - Itaka-Escolapios","isPartOf":{"@id":"https:\/\/www.itakaescolapios.org\/es\/#website"},"datePublished":"2022-10-03T17:07:50+00:00","dateModified":"2023-11-28T11:35:41+00:00","breadcrumb":{"@id":"https:\/\/www.itakaescolapios.org\/ca\/que-fem\/alfabetizacion-y-apoyo-escolar\/ojala-vitoria-gasteiz\/#breadcrumb"},"inLanguage":"ca","potentialAction":[{"@type":"ReadAction","target":["https:\/\/www.itakaescolapios.org\/ca\/que-fem\/alfabetizacion-y-apoyo-escolar\/ojala-vitoria-gasteiz\/"]}]},{"@type":"BreadcrumbList","@id":"https:\/\/www.itakaescolapios.org\/ca\/que-fem\/alfabetizacion-y-apoyo-escolar\/ojala-vitoria-gasteiz\/#breadcrumb","itemListElement":[{"@type":"ListItem","position":1,"name":"Itaka-Escolapios","item":"https:\/\/www.itakaescolapios.org\/es\/"},{"@type":"ListItem","position":2,"name":"Què fem","item":"https:\/\/www.itakaescolapios.org\/es\/que-hacemos\/"},{"@type":"ListItem","position":3,"name":"Alfabetización y apoyo escolar","item":"https:\/\/www.itakaescolapios.org\/es\/que-hacemos\/alfabetizacion-y-apoyo-escolar\/"},{"@type":"ListItem","position":4,"name":"Ojalá Vitoria-Gasteiz"}]},{"@type":"WebSite","@id":"https:\/\/www.itakaescolapios.org\/ca\/es\/#website","url":"https:\/\/www.itakaescolapios.org\/ca\/es\/","name":"Itaka-Escolapios","description":"Red de Itaka-Escolapios","publisher":{"@id":"https:\/\/www.itakaescolapios.org\/ca\/es\/#organization"},"potentialAction":[{"@type":"SearchAction","target":{"@type":"EntryPoint","urlTemplate":"https:\/\/www.itakaescolapios.org\/ca\/es\/?s={search_term_string}"},"query-input":{"@type":"PropertyValueSpecification","valueRequired":true,"valueName":"search_term_string"}}],"inLanguage":"ca"},{"@type":"Organization","@id":"https:\/\/www.itakaescolapios.org\/ca\/es\/#organization","name":"Fundació Itaka-Escolapios","url":"https:\/\/www.itakaescolapios.org\/ca\/es\/","logo":{"@type":"ImageObject","inLanguage":"ca","@id":"https:\/\/www.itakaescolapios.org\/ca\/es\/#\/schema\/logo\/image\/","url":"https:\/\/www.itakaescolapios.org\/wp-content\/uploads\/2024\/04\/Logo-itakaescolapios-peque.png","contentUrl":"https:\/\/www.itakaescolapios.org\/wp-content\/uploads\/2024\/04\/Logo-itakaescolapios-peque.png","width":500,"height":199,"caption":"Fundació Itaka-Escolapios"},"image":{"@id":"https:\/\/www.itakaescolapios.org\/ca\/es\/#\/schema\/logo\/image\/"}}]}</script>
<!-- / Yoast SEO plugin. -->

Ojalá es un proyecto que, como todos los proyectos sociales de Itaka-Escolapios, nace al observar la realidad que nos rodea, con la mirada puesta en quienes más sufren, en las personas olvidadas en nuestra sociedad. Dentro de este proyecto, trabajamos con personas migrantes, especialmente mujeres. Por una parte tenemos cursos de castellano, a nivel básico&hellip;

Ojalá Vitoria-Gasteiz - Itaka-Escolapios

Què fem

Alfabetización y apoyo escolar

Fundació Itaka-Escolapios
