{"id":476,"date":"2012-06-04T17:25:01","date_gmt":"2012-06-04T16:25:01","guid":{"rendered":"https:\/\/www.itakaescolapios.org\/?page_id=476"},"modified":"2023-11-28T12:39:44","modified_gmt":"2023-11-28T11:39:44","slug":"campana-caritas-y-abegi-tolosa","status":"publish","type":"page","link":"https:\/\/www.itakaescolapios.org\/ca\/solidaridad-con-el-cuarto-mundo\/campana-caritas-y-abegi-tolosa\/","title":{"rendered":"Campa\u00f1as de Navidad"},"content":{"rendered":"<h3 style=\"text-align: justify;\" align=\"JUSTIFY\">EN TOLOSA<\/h3>\n<p style=\"text-align: justify;\" align=\"JUSTIFY\">Tras el puente de diciembre solemos llevar a cabo en Herrikide la Campa\u00f1a de Navidad (Eguberri kanpaina). La campa\u00f1a la dirigimos a dos proyectos que se desarrollan en Tolosa y con el que siempre hemos tenido una vinculaci\u00f3n especial: el Hogar de transe\u00fantes (Abegi) y C\u00e1ritas.<\/p>\n<p style=\"text-align: justify;\" align=\"JUSTIFY\">La campa\u00f1a consiste en recoger productos alimenticios, navide\u00f1os,\u2026 que luego se reparten entre la gente que se acerca al Abegi y a C\u00e1ritas, adem\u00e1s de sensibilizar a toda la comunidad educativa en torno a este tipo de realidades sociales.<\/p>\n<p style=\"text-align: justify;\" align=\"JUSTIFY\">El grupo de Sendotzen I es el encargado de impulsar la campa\u00f1a en el entorno del colegio (presentaciones al alumnado, ambientaci\u00f3n, recogida de productos,\u2026). Durante la campa\u00f1a estos j\u00f3venes tienen la oportunidad de conocer \u201cin situ\u201d y colaborar en el proyecto del hogar y la labor que se realiza en \u00e9l.<\/p>\n<h3 style=\"text-align: justify;\" align=\"JUSTIFY\">EN GRANADA<\/h3>\n<p align=\"JUSTIFY\">Campa\u00f1a que se desarrolla durante el mes de diciembre y que tiene como objeto sensibilizar a la comunidad escolar en los valores de la solidaridad, compromiso, generosidad, austeridad, consumos responsable y reciclaje. Concienciar sobre las situaciones de pobreza y exclusi\u00f3n mediante las siguientes actividades:<\/p>\n<ul>\n<li>\n<p align=\"JUSTIFY\">Recogida de alimentos que se donan a la \u201cGuarder\u00eda Virgen del Pilar\u201d para que los distribuya a asociaciones y familias necesitadas de la Zona Norte de Granada.<\/p>\n<\/li>\n<li>\n<p align=\"JUSTIFY\">Recogida de ropa para destinada a Traperos de Ema\u00fas.<\/p>\n<\/li>\n<li>\n<p align=\"JUSTIFY\">B\u00fasqueda de nuevos socios y socias colaboradoras que ayuden a mantener los proyectos de Itaka Escolapios.<\/p>\n<\/li>\n<\/ul>\n<p><!--more--><\/p>\n","protected":false},"excerpt":{"rendered":"<p>EN TOLOSA Tras el puente de diciembre solemos llevar a cabo en Herrikide la Campa\u00f1a de Navidad (Eguberri kanpaina). La campa\u00f1a la dirigimos a dos proyectos que se desarrollan en [&hellip;]<\/p>\n","protected":false},"author":1,"featured_media":0,"parent":434,"menu_order":2,"comment_status":"closed","ping_status":"closed","template":"","meta":{"_et_pb_use_builder":"","_et_pb_old_content":"","_et_gb_content_width":"","footnotes":""},"class_list":["post-476","page","type-page","status-publish","hentry"],"yoast_head":"<!-- This site is optimized with the Yoast SEO plugin v27.4 - https:\/\/yoast.com\/product\/yoast-seo-wordpress\/ -->\n<title>Campa\u00f1as de Navidad<\/title>\n<meta name=\"description\" content=\"EN TOLOSA Tras el puente de diciembre solemos llevar a cabo en Herrikide la Campa\u00f1a de Navidad (Eguberri kanpaina). La campa\u00f1a la dirigimos a dos proyectos que se desarrollan en Tolosa y con el que siempre hemos tenido una vinculaci\u00f3n especial: el Hogar de transe\u00fantes (Abegi) y C\u00e1ritas. La campa\u00f1a consiste en recoger productos alimenticios,&hellip;\" \/>\n<meta name=\"robots\" content=\"index, follow, max-snippet:-1, max-image-preview:large, max-video-preview:-1\" \/>\n<link rel=\"canonical\" href=\"\" \/>\n<meta property=\"og:locale\" content=\"ca_ES\" \/>\n<meta property=\"og:type\" content=\"article\" \/>\n<meta property=\"og:title\" content=\"Campa\u00f1as de Navidad\" \/>\n<meta property=\"og:description\" content=\"EN TOLOSA Tras el puente de diciembre solemos llevar a cabo en Herrikide la Campa\u00f1a de Navidad (Eguberri kanpaina). La campa\u00f1a la dirigimos a dos proyectos que se desarrollan en Tolosa y con el que siempre hemos tenido una vinculaci\u00f3n especial: el Hogar de transe\u00fantes (Abegi) y C\u00e1ritas. La campa\u00f1a consiste en recoger productos alimenticios,&hellip;\" \/>\n<meta property=\"og:url\" content=\"https:\/\/www.itakaescolapios.org\/ca\/solidaridad-con-el-cuarto-mundo\/campana-caritas-y-abegi-tolosa\/\" \/>\n<meta property=\"og:site_name\" content=\"Itaka-Escolapios\" \/>\n<meta property=\"article:modified_time\" content=\"2023-11-28T11:39:44+00:00\" \/>\n<meta name=\"twitter:card\" content=\"summary_large_image\" \/>\n<meta name=\"twitter:label1\" content=\"Temps estimat de lectura\" \/>\n\t<meta name=\"twitter:data1\" content=\"1 minut\" \/>\n<script type=\"application\/ld+json\" class=\"yoast-schema-graph\">{\"@context\":\"https:\\\/\\\/schema.org\",\"@graph\":[{\"@type\":\"WebPage\",\"@id\":\"https:\\\/\\\/www.itakaescolapios.org\\\/ca\\\/solidaridad-con-el-cuarto-mundo\\\/campana-caritas-y-abegi-tolosa\\\/\",\"url\":\"https:\\\/\\\/www.itakaescolapios.org\\\/ca\\\/solidaridad-con-el-cuarto-mundo\\\/campana-caritas-y-abegi-tolosa\\\/\",\"name\":\"Campa\u00f1as de Navidad - Itaka-Escolapios\",\"isPartOf\":{\"@id\":\"https:\\\/\\\/www.itakaescolapios.org\\\/es\\\/#website\"},\"datePublished\":\"2012-06-04T16:25:01+00:00\",\"dateModified\":\"2023-11-28T11:39:44+00:00\",\"breadcrumb\":{\"@id\":\"https:\\\/\\\/www.itakaescolapios.org\\\/ca\\\/solidaridad-con-el-cuarto-mundo\\\/campana-caritas-y-abegi-tolosa\\\/#breadcrumb\"},\"inLanguage\":\"ca\",\"potentialAction\":[{\"@type\":\"ReadAction\",\"target\":[\"https:\\\/\\\/www.itakaescolapios.org\\\/ca\\\/solidaridad-con-el-cuarto-mundo\\\/campana-caritas-y-abegi-tolosa\\\/\"]}]},{\"@type\":\"BreadcrumbList\",\"@id\":\"https:\\\/\\\/www.itakaescolapios.org\\\/ca\\\/solidaridad-con-el-cuarto-mundo\\\/campana-caritas-y-abegi-tolosa\\\/#breadcrumb\",\"itemListElement\":[{\"@type\":\"ListItem\",\"position\":1,\"name\":\"Itaka-Escolapios\",\"item\":\"https:\\\/\\\/www.itakaescolapios.org\\\/es\\\/\"},{\"@type\":\"ListItem\",\"position\":2,\"name\":\"Solidaridad con el cuarto mundo\",\"item\":\"https:\\\/\\\/www.itakaescolapios.org\\\/es\\\/solidaridad-con-el-cuarto-mundo\\\/\"},{\"@type\":\"ListItem\",\"position\":3,\"name\":\"Campa\u00f1as de Navidad\"}]},{\"@type\":\"WebSite\",\"@id\":\"https:\\\/\\\/www.itakaescolapios.org\\\/ca\\\/es\\\/#website\",\"url\":\"https:\\\/\\\/www.itakaescolapios.org\\\/ca\\\/es\\\/\",\"name\":\"Itaka-Escolapios\",\"description\":\"Red de Itaka-Escolapios\",\"publisher\":{\"@id\":\"https:\\\/\\\/www.itakaescolapios.org\\\/ca\\\/es\\\/#organization\"},\"potentialAction\":[{\"@type\":\"SearchAction\",\"target\":{\"@type\":\"EntryPoint\",\"urlTemplate\":\"https:\\\/\\\/www.itakaescolapios.org\\\/ca\\\/es\\\/?s={search_term_string}\"},\"query-input\":{\"@type\":\"PropertyValueSpecification\",\"valueRequired\":true,\"valueName\":\"search_term_string\"}}],\"inLanguage\":\"ca\"},{\"@type\":\"Organization\",\"@id\":\"https:\\\/\\\/www.itakaescolapios.org\\\/ca\\\/es\\\/#organization\",\"name\":\"Fundaci\u00f3 Itaka-Escolapios\",\"url\":\"https:\\\/\\\/www.itakaescolapios.org\\\/ca\\\/es\\\/\",\"logo\":{\"@type\":\"ImageObject\",\"inLanguage\":\"ca\",\"@id\":\"https:\\\/\\\/www.itakaescolapios.org\\\/ca\\\/es\\\/#\\\/schema\\\/logo\\\/image\\\/\",\"url\":\"https:\\\/\\\/www.itakaescolapios.org\\\/wp-content\\\/uploads\\\/2024\\\/04\\\/Logo-itakaescolapios-peque.png\",\"contentUrl\":\"https:\\\/\\\/www.itakaescolapios.org\\\/wp-content\\\/uploads\\\/2024\\\/04\\\/Logo-itakaescolapios-peque.png\",\"width\":500,\"height\":199,\"caption\":\"Fundaci\u00f3 Itaka-Escolapios\"},\"image\":{\"@id\":\"https:\\\/\\\/www.itakaescolapios.org\\\/ca\\\/es\\\/#\\\/schema\\\/logo\\\/image\\\/\"}}]}<\/script>\n<!-- \/ Yoast SEO plugin. -->","yoast_head_json":{"title":"Campa\u00f1as de Navidad","description":"EN TOLOSA Tras el puente de diciembre solemos llevar a cabo en Herrikide la Campa\u00f1a de Navidad (Eguberri kanpaina). La campa\u00f1a la dirigimos a dos proyectos que se desarrollan en Tolosa y con el que siempre hemos tenido una vinculaci\u00f3n especial: el Hogar de transe\u00fantes (Abegi) y C\u00e1ritas. La campa\u00f1a consiste en recoger productos alimenticios,&hellip;","robots":{"index":"index","follow":"follow","max-snippet":"max-snippet:-1","max-image-preview":"max-image-preview:large","max-video-preview":"max-video-preview:-1"},"canonical":"EN TOLOSA Tras el puente de diciembre solemos llevar a cabo en Herrikide la Campa\u00f1a de Navidad (Eguberri kanpaina). La campa\u00f1a la dirigimos a dos proyectos que se desarrollan en Tolosa y con el que siempre hemos tenido una vinculaci\u00f3n especial: el Hogar de transe\u00fantes (Abegi) y C\u00e1ritas. La campa\u00f1a consiste en recoger productos alimenticios,&hellip;","og_locale":"ca_ES","og_type":"article","og_title":"Campa\u00f1as de Navidad","og_description":"EN TOLOSA Tras el puente de diciembre solemos llevar a cabo en Herrikide la Campa\u00f1a de Navidad (Eguberri kanpaina). La campa\u00f1a la dirigimos a dos proyectos que se desarrollan en Tolosa y con el que siempre hemos tenido una vinculaci\u00f3n especial: el Hogar de transe\u00fantes (Abegi) y C\u00e1ritas. La campa\u00f1a consiste en recoger productos alimenticios,&hellip;","og_url":"https:\/\/www.itakaescolapios.org\/ca\/solidaridad-con-el-cuarto-mundo\/campana-caritas-y-abegi-tolosa\/","og_site_name":"Itaka-Escolapios","article_modified_time":"2023-11-28T11:39:44+00:00","twitter_card":"summary_large_image","twitter_misc":{"Temps estimat de lectura":"1 minut"},"schema":{"@context":"https:\/\/schema.org","@graph":[{"@type":"WebPage","@id":"https:\/\/www.itakaescolapios.org\/ca\/solidaridad-con-el-cuarto-mundo\/campana-caritas-y-abegi-tolosa\/","url":"https:\/\/www.itakaescolapios.org\/ca\/solidaridad-con-el-cuarto-mundo\/campana-caritas-y-abegi-tolosa\/","name":"Campa\u00f1as de Navidad - Itaka-Escolapios","isPartOf":{"@id":"https:\/\/www.itakaescolapios.org\/es\/#website"},"datePublished":"2012-06-04T16:25:01+00:00","dateModified":"2023-11-28T11:39:44+00:00","breadcrumb":{"@id":"https:\/\/www.itakaescolapios.org\/ca\/solidaridad-con-el-cuarto-mundo\/campana-caritas-y-abegi-tolosa\/#breadcrumb"},"inLanguage":"ca","potentialAction":[{"@type":"ReadAction","target":["https:\/\/www.itakaescolapios.org\/ca\/solidaridad-con-el-cuarto-mundo\/campana-caritas-y-abegi-tolosa\/"]}]},{"@type":"BreadcrumbList","@id":"https:\/\/www.itakaescolapios.org\/ca\/solidaridad-con-el-cuarto-mundo\/campana-caritas-y-abegi-tolosa\/#breadcrumb","itemListElement":[{"@type":"ListItem","position":1,"name":"Itaka-Escolapios","item":"https:\/\/www.itakaescolapios.org\/es\/"},{"@type":"ListItem","position":2,"name":"Solidaridad con el cuarto mundo","item":"https:\/\/www.itakaescolapios.org\/es\/solidaridad-con-el-cuarto-mundo\/"},{"@type":"ListItem","position":3,"name":"Campa\u00f1as de Navidad"}]},{"@type":"WebSite","@id":"https:\/\/www.itakaescolapios.org\/ca\/es\/#website","url":"https:\/\/www.itakaescolapios.org\/ca\/es\/","name":"Itaka-Escolapios","description":"Red de Itaka-Escolapios","publisher":{"@id":"https:\/\/www.itakaescolapios.org\/ca\/es\/#organization"},"potentialAction":[{"@type":"SearchAction","target":{"@type":"EntryPoint","urlTemplate":"https:\/\/www.itakaescolapios.org\/ca\/es\/?s={search_term_string}"},"query-input":{"@type":"PropertyValueSpecification","valueRequired":true,"valueName":"search_term_string"}}],"inLanguage":"ca"},{"@type":"Organization","@id":"https:\/\/www.itakaescolapios.org\/ca\/es\/#organization","name":"Fundaci\u00f3 Itaka-Escolapios","url":"https:\/\/www.itakaescolapios.org\/ca\/es\/","logo":{"@type":"ImageObject","inLanguage":"ca","@id":"https:\/\/www.itakaescolapios.org\/ca\/es\/#\/schema\/logo\/image\/","url":"https:\/\/www.itakaescolapios.org\/wp-content\/uploads\/2024\/04\/Logo-itakaescolapios-peque.png","contentUrl":"https:\/\/www.itakaescolapios.org\/wp-content\/uploads\/2024\/04\/Logo-itakaescolapios-peque.png","width":500,"height":199,"caption":"Fundaci\u00f3 Itaka-Escolapios"},"image":{"@id":"https:\/\/www.itakaescolapios.org\/ca\/es\/#\/schema\/logo\/image\/"}}]}},"_links":{"self":[{"href":"https:\/\/www.itakaescolapios.org\/ca\/wp-json\/wp\/v2\/pages\/476","targetHints":{"allow":["GET"]}}],"collection":[{"href":"https:\/\/www.itakaescolapios.org\/ca\/wp-json\/wp\/v2\/pages"}],"about":[{"href":"https:\/\/www.itakaescolapios.org\/ca\/wp-json\/wp\/v2\/types\/page"}],"author":[{"embeddable":true,"href":"https:\/\/www.itakaescolapios.org\/ca\/wp-json\/wp\/v2\/users\/1"}],"replies":[{"embeddable":true,"href":"https:\/\/www.itakaescolapios.org\/ca\/wp-json\/wp\/v2\/comments?post=476"}],"version-history":[{"count":15,"href":"https:\/\/www.itakaescolapios.org\/ca\/wp-json\/wp\/v2\/pages\/476\/revisions"}],"predecessor-version":[{"id":50179,"href":"https:\/\/www.itakaescolapios.org\/ca\/wp-json\/wp\/v2\/pages\/476\/revisions\/50179"}],"up":[{"embeddable":true,"href":"https:\/\/www.itakaescolapios.org\/ca\/wp-json\/wp\/v2\/pages\/434"}],"wp:attachment":[{"href":"https:\/\/www.itakaescolapios.org\/ca\/wp-json\/wp\/v2\/media?parent=476"}],"curies":[{"name":"wp","href":"https:\/\/api.w.org\/{rel}","templated":true}]}}

Campañas de Navidad

<h3 style="text-align: justify;" align="JUSTIFY">EN TOLOSA</h3>
<p style="text-align: justify;" align="JUSTIFY">Tras el puente de diciembre solemos llevar a cabo en Herrikide la Campaña de Navidad (Eguberri kanpaina). La campaña la dirigimos a dos proyectos que se desarrollan en Tolosa y con el que siempre hemos tenido una vinculación especial: el Hogar de transeúntes (Abegi) y Cáritas.</p>
<p style="text-align: justify;" align="JUSTIFY">La campaña consiste en recoger productos alimenticios, navideños,… que luego se reparten entre la gente que se acerca al Abegi y a Cáritas, además de sensibilizar a toda la comunidad educativa en torno a este tipo de realidades sociales.</p>
<p style="text-align: justify;" align="JUSTIFY">El grupo de Sendotzen I es el encargado de impulsar la campaña en el entorno del colegio (presentaciones al alumnado, ambientación, recogida de productos,…). Durante la campaña estos jóvenes tienen la oportunidad de conocer “in situ” y colaborar en el proyecto del hogar y la labor que se realiza en él.</p>
<h3 style="text-align: justify;" align="JUSTIFY">EN GRANADA</h3>
<p align="JUSTIFY">Campaña que se desarrolla durante el mes de diciembre y que tiene como objeto sensibilizar a la comunidad escolar en los valores de la solidaridad, compromiso, generosidad, austeridad, consumos responsable y reciclaje. Concienciar sobre las situaciones de pobreza y exclusión mediante las siguientes actividades:</p>
<ul>
<li>
<p align="JUSTIFY">Recogida de alimentos que se donan a la “Guardería Virgen del Pilar” para que los distribuya a asociaciones y familias necesitadas de la Zona Norte de Granada.</p>
</li>
<li>
<p align="JUSTIFY">Recogida de ropa para destinada a Traperos de Emaús.</p>
</li>
<li>
<p align="JUSTIFY">Búsqueda de nuevos socios y socias colaboradoras que ayuden a mantener los proyectos de Itaka Escolapios.</p>
</li>
</ul>
<p><!--more--></p>

<p>EN TOLOSA Tras el puente de diciembre solemos llevar a cabo en Herrikide la Campaña de Navidad (Eguberri kanpaina). La campaña la dirigimos a dos proyectos que se desarrollan en [&hellip;]</p>

<!-- This site is optimized with the Yoast SEO plugin v27.4 - https://yoast.com/product/yoast-seo-wordpress/ -->
<title>Campañas de Navidad</title>
<meta name="description" content="EN TOLOSA Tras el puente de diciembre solemos llevar a cabo en Herrikide la Campaña de Navidad (Eguberri kanpaina). La campaña la dirigimos a dos proyectos que se desarrollan en Tolosa y con el que siempre hemos tenido una vinculación especial: el Hogar de transeúntes (Abegi) y Cáritas. La campaña consiste en recoger productos alimenticios,&hellip;" />
<meta name="robots" content="index, follow, max-snippet:-1, max-image-preview:large, max-video-preview:-1" />
<link rel="canonical" href="" />
<meta property="og:locale" content="ca_ES" />
<meta property="og:type" content="article" />
<meta property="og:title" content="Campañas de Navidad" />
<meta property="og:description" content="EN TOLOSA Tras el puente de diciembre solemos llevar a cabo en Herrikide la Campaña de Navidad (Eguberri kanpaina). La campaña la dirigimos a dos proyectos que se desarrollan en Tolosa y con el que siempre hemos tenido una vinculación especial: el Hogar de transeúntes (Abegi) y Cáritas. La campaña consiste en recoger productos alimenticios,&hellip;" />
<meta property="og:url" content="https://www.itakaescolapios.org/ca/solidaridad-con-el-cuarto-mundo/campana-caritas-y-abegi-tolosa/" />
<meta property="og:site_name" content="Itaka-Escolapios" />
<meta property="article:modified_time" content="2023-11-28T11:39:44+00:00" />
<meta name="twitter:card" content="summary_large_image" />
<meta name="twitter:label1" content="Temps estimat de lectura" />
	<meta name="twitter:data1" content="1 minut" />
<script type="application/ld+json" class="yoast-schema-graph">{"@context":"https:\/\/schema.org","@graph":[{"@type":"WebPage","@id":"https:\/\/www.itakaescolapios.org\/ca\/solidaridad-con-el-cuarto-mundo\/campana-caritas-y-abegi-tolosa\/","url":"https:\/\/www.itakaescolapios.org\/ca\/solidaridad-con-el-cuarto-mundo\/campana-caritas-y-abegi-tolosa\/","name":"Campañas de Navidad - Itaka-Escolapios","isPartOf":{"@id":"https:\/\/www.itakaescolapios.org\/es\/#website"},"datePublished":"2012-06-04T16:25:01+00:00","dateModified":"2023-11-28T11:39:44+00:00","breadcrumb":{"@id":"https:\/\/www.itakaescolapios.org\/ca\/solidaridad-con-el-cuarto-mundo\/campana-caritas-y-abegi-tolosa\/#breadcrumb"},"inLanguage":"ca","potentialAction":[{"@type":"ReadAction","target":["https:\/\/www.itakaescolapios.org\/ca\/solidaridad-con-el-cuarto-mundo\/campana-caritas-y-abegi-tolosa\/"]}]},{"@type":"BreadcrumbList","@id":"https:\/\/www.itakaescolapios.org\/ca\/solidaridad-con-el-cuarto-mundo\/campana-caritas-y-abegi-tolosa\/#breadcrumb","itemListElement":[{"@type":"ListItem","position":1,"name":"Itaka-Escolapios","item":"https:\/\/www.itakaescolapios.org\/es\/"},{"@type":"ListItem","position":2,"name":"Solidaridad con el cuarto mundo","item":"https:\/\/www.itakaescolapios.org\/es\/solidaridad-con-el-cuarto-mundo\/"},{"@type":"ListItem","position":3,"name":"Campañas de Navidad"}]},{"@type":"WebSite","@id":"https:\/\/www.itakaescolapios.org\/ca\/es\/#website","url":"https:\/\/www.itakaescolapios.org\/ca\/es\/","name":"Itaka-Escolapios","description":"Red de Itaka-Escolapios","publisher":{"@id":"https:\/\/www.itakaescolapios.org\/ca\/es\/#organization"},"potentialAction":[{"@type":"SearchAction","target":{"@type":"EntryPoint","urlTemplate":"https:\/\/www.itakaescolapios.org\/ca\/es\/?s={search_term_string}"},"query-input":{"@type":"PropertyValueSpecification","valueRequired":true,"valueName":"search_term_string"}}],"inLanguage":"ca"},{"@type":"Organization","@id":"https:\/\/www.itakaescolapios.org\/ca\/es\/#organization","name":"Fundació Itaka-Escolapios","url":"https:\/\/www.itakaescolapios.org\/ca\/es\/","logo":{"@type":"ImageObject","inLanguage":"ca","@id":"https:\/\/www.itakaescolapios.org\/ca\/es\/#\/schema\/logo\/image\/","url":"https:\/\/www.itakaescolapios.org\/wp-content\/uploads\/2024\/04\/Logo-itakaescolapios-peque.png","contentUrl":"https:\/\/www.itakaescolapios.org\/wp-content\/uploads\/2024\/04\/Logo-itakaescolapios-peque.png","width":500,"height":199,"caption":"Fundació Itaka-Escolapios"},"image":{"@id":"https:\/\/www.itakaescolapios.org\/ca\/es\/#\/schema\/logo\/image\/"}}]}</script>
<!-- / Yoast SEO plugin. -->

EN TOLOSA Tras el puente de diciembre solemos llevar a cabo en Herrikide la Campaña de Navidad (Eguberri kanpaina). La campaña la dirigimos a dos proyectos que se desarrollan en Tolosa y con el que siempre hemos tenido una vinculación especial: el Hogar de transeúntes (Abegi) y Cáritas. La campaña consiste en recoger productos alimenticios,&hellip;

Campañas de Navidad - Itaka-Escolapios

Fundació Itaka-Escolapios
