{"version":"1.0","provider_name":"Proofs in Itaka-Escolapios","provider_url":"https:\/\/www.itakaescolapios.org\/en\/","author_name":"venezuela01","author_url":"https:\/\/www.itakaescolapios.org\/en\/author\/venezuela01\/","title":"Inauguraci\u00f3n Centro Cultural Calasanz La Lucha.","type":"rich","width":600,"height":338,"html":"<blockquote class=\"wp-embedded-content\" data-secret=\"AjbDnQjHBw\"><a href=\"https:\/\/www.itakaescolapios.org\/en\/2015\/05\/inauguracion-centro-cultural-calasanz-la-lucha\/\">Inauguraci\u00f3n Centro Cultural Calasanz La Lucha.<\/a><\/blockquote><iframe sandbox=\"allow-scripts\" security=\"restricted\" src=\"https:\/\/www.itakaescolapios.org\/en\/2015\/05\/inauguracion-centro-cultural-calasanz-la-lucha\/embed\/#?secret=AjbDnQjHBw\" width=\"600\" height=\"338\" title=\"&#8220;Inauguraci\u00f3n Centro Cultural Calasanz La Lucha.&#8221; &#8212; Proofs in Itaka-Escolapios\" data-secret=\"AjbDnQjHBw\" frameborder=\"0\" marginwidth=\"0\" marginheight=\"0\" scrolling=\"no\" class=\"wp-embedded-content\"><\/iframe><script type=\"text\/javascript\">\n\/* <![CDATA[ *\/\n\/*! This file is auto-generated *\/\n!function(d,l){\"use strict\";l.querySelector&&d.addEventListener&&\"undefined\"!=typeof URL&&(d.wp=d.wp||{},d.wp.receiveEmbedMessage||(d.wp.receiveEmbedMessage=function(e){var t=e.data;if((t||t.secret||t.message||t.value)&&!\/[^a-zA-Z0-9]\/.test(t.secret)){for(var s,r,n,a=l.querySelectorAll('iframe[data-secret=\"'+t.secret+'\"]'),o=l.querySelectorAll('blockquote[data-secret=\"'+t.secret+'\"]'),c=new RegExp(\"^https?:$\",\"i\"),i=0;i<o.length;i++)o[i].style.display=\"none\";for(i=0;i<a.length;i++)s=a[i],e.source===s.contentWindow&&(s.removeAttribute(\"style\"),\"height\"===t.message?(1e3<(r=parseInt(t.value,10))?r=1e3:~~r<200&&(r=200),s.height=r):\"link\"===t.message&&(r=new URL(s.getAttribute(\"src\")),n=new URL(t.value),c.test(n.protocol))&&n.host===r.host&&l.activeElement===s&&(d.top.location.href=t.value))}},d.addEventListener(\"message\",d.wp.receiveEmbedMessage,!1),l.addEventListener(\"DOMContentLoaded\",function(){for(var e,t,s=l.querySelectorAll(\"iframe.wp-embedded-content\"),r=0;r<s.length;r++)(t=(e=s[r]).getAttribute(\"data-secret\"))||(t=Math.random().toString(36).substring(2,12),e.src+=\"#?secret=\"+t,e.setAttribute(\"data-secret\",t)),e.contentWindow.postMessage({message:\"ready\",secret:t},\"*\")},!1)))}(window,document);\n\/\/# sourceURL=https:\/\/www.itakaescolapios.org\/wp-includes\/js\/wp-embed.min.js\n\/* ]]> *\/\n<\/script>\n","thumbnail_url":"https:\/\/www.itakaescolapios.org\/wp-content\/uploads\/2015\/05\/11255210_10206271462403433_1546102793471974228_n.jpg","thumbnail_width":960,"thumbnail_height":576,"description":"Este s\u00e1bado 09 de mayo fue inaugurado el Centro Cultural Calasanz del barrio la Lucha, gracias al apoyo econ\u00f3mico del Ayuntamiento de Leioa \u00a0que hizo posible la construcci\u00f3n del sal\u00f3n de usos m\u00faltiples. Ser\u00e1n muchos los beneficiarios desde ni\u00f1os a adultos que hacen vida en esta comunidad de la Lucha, Carora. Una ma\u00f1ana Llena de&hellip;"}

Inauguración Centro Cultural Calasanz La Lucha.

<blockquote class="wp-embedded-content" data-secret="AjbDnQjHBw"><a href="https://www.itakaescolapios.org/en/2015/05/inauguracion-centro-cultural-calasanz-la-lucha/">Inauguración Centro Cultural Calasanz La Lucha.</a></blockquote><iframe sandbox="allow-scripts" security="restricted" src="https://www.itakaescolapios.org/en/2015/05/inauguracion-centro-cultural-calasanz-la-lucha/embed/#?secret=AjbDnQjHBw" width="600" height="338" title="&#8220;Inauguración Centro Cultural Calasanz La Lucha.&#8221; &#8212; Proofs in Itaka-Escolapios" data-secret="AjbDnQjHBw" frameborder="0" marginwidth="0" marginheight="0" scrolling="no" class="wp-embedded-content"></iframe><script type="text/javascript">
/* <![CDATA[ */
/*! This file is auto-generated */
!function(d,l){"use strict";l.querySelector&&d.addEventListener&&"undefined"!=typeof URL&&(d.wp=d.wp||{},d.wp.receiveEmbedMessage||(d.wp.receiveEmbedMessage=function(e){var t=e.data;if((t||t.secret||t.message||t.value)&&!/[^a-zA-Z0-9]/.test(t.secret)){for(var s,r,n,a=l.querySelectorAll('iframe[data-secret="'+t.secret+'"]'),o=l.querySelectorAll('blockquote[data-secret="'+t.secret+'"]'),c=new RegExp("^https?:$","i"),i=0;i<o.length;i++)o[i].style.display="none";for(i=0;i<a.length;i++)s=a[i],e.source===s.contentWindow&&(s.removeAttribute("style"),"height"===t.message?(1e3<(r=parseInt(t.value,10))?r=1e3:~~r<200&&(r=200),s.height=r):"link"===t.message&&(r=new URL(s.getAttribute("src")),n=new URL(t.value),c.test(n.protocol))&&n.host===r.host&&l.activeElement===s&&(d.top.location.href=t.value))}},d.addEventListener("message",d.wp.receiveEmbedMessage,!1),l.addEventListener("DOMContentLoaded",function(){for(var e,t,s=l.querySelectorAll("iframe.wp-embedded-content"),r=0;r<s.length;r++)(t=(e=s[r]).getAttribute("data-secret"))||(t=Math.random().toString(36).substring(2,12),e.src+="#?secret="+t,e.setAttribute("data-secret",t)),e.contentWindow.postMessage({message:"ready",secret:t},"*")},!1)))}(window,document);
//# sourceURL=https://www.itakaescolapios.org/wp-includes/js/wp-embed.min.js
/* ]]> */
</script>

Este sábado 09 de mayo fue inaugurado el Centro Cultural Calasanz del barrio la Lucha, gracias al apoyo económico del Ayuntamiento de Leioa  que hizo posible la construcción del salón de usos múltiples. Serán muchos los beneficiarios desde niños a adultos que hacen vida en esta comunidad de la Lucha, Carora. Una mañana Llena de&hellip;
