{"version":"1.0","provider_name":"Proofs in Itaka-Escolapios","provider_url":"https:\/\/www.itakaescolapios.org\/en\/","author_name":"cameroun01","author_url":"https:\/\/www.itakaescolapios.org\/en\/author\/cameroun01\/","title":"- Proofs in Itaka-Escolapios","type":"rich","width":600,"height":338,"html":"<blockquote class=\"wp-embedded-content\" data-secret=\"0fdEuqHWJF\"><a href=\"https:\/\/www.itakaescolapios.org\/en\/2022\/09\/francais-cest-la-rentree-scolaire\/\"><\/a><\/blockquote><iframe sandbox=\"allow-scripts\" security=\"restricted\" src=\"https:\/\/www.itakaescolapios.org\/en\/2022\/09\/francais-cest-la-rentree-scolaire\/embed\/#?secret=0fdEuqHWJF\" width=\"600\" height=\"338\" title=\"&#8220;&#8221; &#8212; Proofs in Itaka-Escolapios\" data-secret=\"0fdEuqHWJF\" frameborder=\"0\" marginwidth=\"0\" marginheight=\"0\" scrolling=\"no\" class=\"wp-embedded-content\"><\/iframe><script type=\"text\/javascript\">\n\/* <![CDATA[ *\/\n\/*! This file is auto-generated *\/\n!function(d,l){\"use strict\";l.querySelector&&d.addEventListener&&\"undefined\"!=typeof URL&&(d.wp=d.wp||{},d.wp.receiveEmbedMessage||(d.wp.receiveEmbedMessage=function(e){var t=e.data;if((t||t.secret||t.message||t.value)&&!\/[^a-zA-Z0-9]\/.test(t.secret)){for(var s,r,n,a=l.querySelectorAll('iframe[data-secret=\"'+t.secret+'\"]'),o=l.querySelectorAll('blockquote[data-secret=\"'+t.secret+'\"]'),c=new RegExp(\"^https?:$\",\"i\"),i=0;i<o.length;i++)o[i].style.display=\"none\";for(i=0;i<a.length;i++)s=a[i],e.source===s.contentWindow&&(s.removeAttribute(\"style\"),\"height\"===t.message?(1e3<(r=parseInt(t.value,10))?r=1e3:~~r<200&&(r=200),s.height=r):\"link\"===t.message&&(r=new URL(s.getAttribute(\"src\")),n=new URL(t.value),c.test(n.protocol))&&n.host===r.host&&l.activeElement===s&&(d.top.location.href=t.value))}},d.addEventListener(\"message\",d.wp.receiveEmbedMessage,!1),l.addEventListener(\"DOMContentLoaded\",function(){for(var e,t,s=l.querySelectorAll(\"iframe.wp-embedded-content\"),r=0;r<s.length;r++)(t=(e=s[r]).getAttribute(\"data-secret\"))||(t=Math.random().toString(36).substring(2,12),e.src+=\"#?secret=\"+t,e.setAttribute(\"data-secret\",t)),e.contentWindow.postMessage({message:\"ready\",secret:t},\"*\")},!1)))}(window,document);\n\/\/# sourceURL=https:\/\/www.itakaescolapios.org\/wp-includes\/js\/wp-embed.min.js\n\/* ]]> *\/\n<\/script>\n","thumbnail_url":"https:\/\/www.itakaescolapios.org\/wp-content\/uploads\/2022\/09\/20220905_083242-scaled.jpg","thumbnail_width":2000,"thumbnail_height":1500,"description":"[:fr]L\u2019heure de la reprise des cours \u00e0 l\u2019\u00e9cole, au lyc\u00e9e ou au coll\u00e8ge vient de sonner: la fameuse rentr\u00e9e des classes! Comme dans les autres \u00e9coles, les \u00e9coles de la province piariste d\u2019Afrique Centrale ont repris les cours ce Lundi 05 septembre 2022. De la maternelle au primaire, de la section anglophone \u00e0 la section&hellip;"}

[:fr]L’heure de la reprise des cours à l’école, au lycée ou au collège vient de sonner: la fameuse rentrée des classes! Comme dans les autres écoles, les écoles de la province piariste d’Afrique Centrale ont repris les cours ce Lundi 05 septembre 2022. De la maternelle au primaire, de la section anglophone à la section&hellip;
