{"version":"1.0","provider_name":"Itaka-Escolapios","provider_url":"https:\/\/www.itakaescolapios.org\/eu\/","author_name":"itaka","author_url":"https:\/\/www.itakaescolapios.org\/eu\/author\/itaka\/","title":"Patrocinio de San Jos\u00e9 de Calasanz","type":"rich","width":600,"height":338,"html":"<blockquote class=\"wp-embedded-content\" data-secret=\"nscAbkJTY8\"><a href=\"https:\/\/www.itakaescolapios.org\/eu\/2012\/11\/festividad-de-san-jose-de-calasanz\/\">Patrocinio de San Jos\u00e9 de Calasanz<\/a><\/blockquote><iframe sandbox=\"allow-scripts\" security=\"restricted\" src=\"https:\/\/www.itakaescolapios.org\/eu\/2012\/11\/festividad-de-san-jose-de-calasanz\/embed\/#?secret=nscAbkJTY8\" width=\"600\" height=\"338\" title=\"&#8220;Patrocinio de San Jos\u00e9 de Calasanz&#8221; &#8212; Itaka-Escolapios\" data-secret=\"nscAbkJTY8\" frameborder=\"0\" marginwidth=\"0\" marginheight=\"0\" scrolling=\"no\" class=\"wp-embedded-content\"><\/iframe><script type=\"text\/javascript\">\n\/* <![CDATA[ *\/\n\/*! This file is auto-generated *\/\n!function(d,l){\"use strict\";l.querySelector&&d.addEventListener&&\"undefined\"!=typeof URL&&(d.wp=d.wp||{},d.wp.receiveEmbedMessage||(d.wp.receiveEmbedMessage=function(e){var t=e.data;if((t||t.secret||t.message||t.value)&&!\/[^a-zA-Z0-9]\/.test(t.secret)){for(var s,r,n,a=l.querySelectorAll('iframe[data-secret=\"'+t.secret+'\"]'),o=l.querySelectorAll('blockquote[data-secret=\"'+t.secret+'\"]'),c=new RegExp(\"^https?:$\",\"i\"),i=0;i<o.length;i++)o[i].style.display=\"none\";for(i=0;i<a.length;i++)s=a[i],e.source===s.contentWindow&&(s.removeAttribute(\"style\"),\"height\"===t.message?(1e3<(r=parseInt(t.value,10))?r=1e3:~~r<200&&(r=200),s.height=r):\"link\"===t.message&&(r=new URL(s.getAttribute(\"src\")),n=new URL(t.value),c.test(n.protocol))&&n.host===r.host&&l.activeElement===s&&(d.top.location.href=t.value))}},d.addEventListener(\"message\",d.wp.receiveEmbedMessage,!1),l.addEventListener(\"DOMContentLoaded\",function(){for(var e,t,s=l.querySelectorAll(\"iframe.wp-embedded-content\"),r=0;r<s.length;r++)(t=(e=s[r]).getAttribute(\"data-secret\"))||(t=Math.random().toString(36).substring(2,12),e.src+=\"#?secret=\"+t,e.setAttribute(\"data-secret\",t)),e.contentWindow.postMessage({message:\"ready\",secret:t},\"*\")},!1)))}(window,document);\n\/\/# sourceURL=https:\/\/www.itakaescolapios.org\/wp-includes\/js\/wp-embed.min.js\n\/* ]]> *\/\n<\/script>\n","thumbnail_url":"https:\/\/www.itakaescolapios.org\/wp-content\/uploads\/2012\/11\/27-de-noviembre-san-jose-de-calasanz.jpg","thumbnail_width":"691","thumbnail_height":"636","description":"El 27 de noviembre de 1597. Jos\u00e9 de Calasanz \u00a0funda en Roma la primera escuela popular y gratuita de Europa. Hoy lo recordamos en este d\u00eda como patr\u00f3n de los maestros. Tambi\u00e9n recordamos la proclamaci\u00f3n universal de San Jos\u00e9 de Calasanz como Patrono de las Escuelas Cristianas Populares, decretado por el Papa Pio XII Felicidades&hellip;"}

Patrocinio de San José de Calasanz

<blockquote class="wp-embedded-content" data-secret="nscAbkJTY8"><a href="https://www.itakaescolapios.org/eu/2012/11/festividad-de-san-jose-de-calasanz/">Patrocinio de San José de Calasanz</a></blockquote><iframe sandbox="allow-scripts" security="restricted" src="https://www.itakaescolapios.org/eu/2012/11/festividad-de-san-jose-de-calasanz/embed/#?secret=nscAbkJTY8" width="600" height="338" title="&#8220;Patrocinio de San José de Calasanz&#8221; &#8212; Itaka-Escolapios" data-secret="nscAbkJTY8" frameborder="0" marginwidth="0" marginheight="0" scrolling="no" class="wp-embedded-content"></iframe><script type="text/javascript">
/* <![CDATA[ */
/*! This file is auto-generated */
!function(d,l){"use strict";l.querySelector&&d.addEventListener&&"undefined"!=typeof URL&&(d.wp=d.wp||{},d.wp.receiveEmbedMessage||(d.wp.receiveEmbedMessage=function(e){var t=e.data;if((t||t.secret||t.message||t.value)&&!/[^a-zA-Z0-9]/.test(t.secret)){for(var s,r,n,a=l.querySelectorAll('iframe[data-secret="'+t.secret+'"]'),o=l.querySelectorAll('blockquote[data-secret="'+t.secret+'"]'),c=new RegExp("^https?:$","i"),i=0;i<o.length;i++)o[i].style.display="none";for(i=0;i<a.length;i++)s=a[i],e.source===s.contentWindow&&(s.removeAttribute("style"),"height"===t.message?(1e3<(r=parseInt(t.value,10))?r=1e3:~~r<200&&(r=200),s.height=r):"link"===t.message&&(r=new URL(s.getAttribute("src")),n=new URL(t.value),c.test(n.protocol))&&n.host===r.host&&l.activeElement===s&&(d.top.location.href=t.value))}},d.addEventListener("message",d.wp.receiveEmbedMessage,!1),l.addEventListener("DOMContentLoaded",function(){for(var e,t,s=l.querySelectorAll("iframe.wp-embedded-content"),r=0;r<s.length;r++)(t=(e=s[r]).getAttribute("data-secret"))||(t=Math.random().toString(36).substring(2,12),e.src+="#?secret="+t,e.setAttribute("data-secret",t)),e.contentWindow.postMessage({message:"ready",secret:t},"*")},!1)))}(window,document);
//# sourceURL=https://www.itakaescolapios.org/wp-includes/js/wp-embed.min.js
/* ]]> */
</script>

El 27 de noviembre de 1597. José de Calasanz  funda en Roma la primera escuela popular y gratuita de Europa. Hoy lo recordamos en este día como patrón de los maestros. También recordamos la proclamación universal de San José de Calasanz como Patrono de las Escuelas Cristianas Populares, decretado por el Papa Pio XII Felicidades&hellip;
