{"version":"1.0","provider_name":"Itaka-Escolapios","provider_url":"https:\/\/www.itakaescolapios.org\/eu\/","author_name":"zaragoza01","author_url":"https:\/\/www.itakaescolapios.org\/eu\/author\/zaragoza01\/","title":"D\u00eda de Itaka Escolapios en Zaragoza","type":"rich","width":600,"height":338,"html":"<blockquote class=\"wp-embedded-content\" data-secret=\"oScTsp4B0e\"><a href=\"https:\/\/www.itakaescolapios.org\/eu\/2015\/11\/dia-de-itaka-escolapios-en-zaragoza\/\">D\u00eda de Itaka Escolapios en Zaragoza<\/a><\/blockquote><iframe sandbox=\"allow-scripts\" security=\"restricted\" src=\"https:\/\/www.itakaescolapios.org\/eu\/2015\/11\/dia-de-itaka-escolapios-en-zaragoza\/embed\/#?secret=oScTsp4B0e\" width=\"600\" height=\"338\" title=\"&#8220;D\u00eda de Itaka Escolapios en Zaragoza&#8221; &#8212; Itaka-Escolapios\" data-secret=\"oScTsp4B0e\" frameborder=\"0\" marginwidth=\"0\" marginheight=\"0\" scrolling=\"no\" class=\"wp-embedded-content\"><\/iframe><script type=\"text\/javascript\">\n\/* <![CDATA[ *\/\n\/*! This file is auto-generated *\/\n!function(d,l){\"use strict\";l.querySelector&&d.addEventListener&&\"undefined\"!=typeof URL&&(d.wp=d.wp||{},d.wp.receiveEmbedMessage||(d.wp.receiveEmbedMessage=function(e){var t=e.data;if((t||t.secret||t.message||t.value)&&!\/[^a-zA-Z0-9]\/.test(t.secret)){for(var s,r,n,a=l.querySelectorAll('iframe[data-secret=\"'+t.secret+'\"]'),o=l.querySelectorAll('blockquote[data-secret=\"'+t.secret+'\"]'),c=new RegExp(\"^https?:$\",\"i\"),i=0;i<o.length;i++)o[i].style.display=\"none\";for(i=0;i<a.length;i++)s=a[i],e.source===s.contentWindow&&(s.removeAttribute(\"style\"),\"height\"===t.message?(1e3<(r=parseInt(t.value,10))?r=1e3:~~r<200&&(r=200),s.height=r):\"link\"===t.message&&(r=new URL(s.getAttribute(\"src\")),n=new URL(t.value),c.test(n.protocol))&&n.host===r.host&&l.activeElement===s&&(d.top.location.href=t.value))}},d.addEventListener(\"message\",d.wp.receiveEmbedMessage,!1),l.addEventListener(\"DOMContentLoaded\",function(){for(var e,t,s=l.querySelectorAll(\"iframe.wp-embedded-content\"),r=0;r<s.length;r++)(t=(e=s[r]).getAttribute(\"data-secret\"))||(t=Math.random().toString(36).substring(2,12),e.src+=\"#?secret=\"+t,e.setAttribute(\"data-secret\",t)),e.contentWindow.postMessage({message:\"ready\",secret:t},\"*\")},!1)))}(window,document);\n\/\/# sourceURL=https:\/\/www.itakaescolapios.org\/wp-includes\/js\/wp-embed.min.js\n\/* ]]> *\/\n<\/script>\n","thumbnail_url":"https:\/\/www.itakaescolapios.org\/wp-content\/uploads\/2015\/11\/Fiesta-Itaka-Escolapios.jpg","thumbnail_width":2000,"thumbnail_height":1428,"description":"El pasado s\u00e1bado, 28 de noviembre, en el entorno de las fechas de la semana escolapia celebramos el D\u00eda de Itaka Escolapios. Fue una oportunidad magn\u00edfica para encontrarnos los que formamos parte de esta gran familia( socios, voluntarios, familias, alumnos, profesores, amigos,...) Participamos cerca de 150 personas en las distintas actividades programadas y colaboramos con&hellip;"}

Día de Itaka Escolapios en Zaragoza

<blockquote class="wp-embedded-content" data-secret="oScTsp4B0e"><a href="https://www.itakaescolapios.org/eu/2015/11/dia-de-itaka-escolapios-en-zaragoza/">Día de Itaka Escolapios en Zaragoza</a></blockquote><iframe sandbox="allow-scripts" security="restricted" src="https://www.itakaescolapios.org/eu/2015/11/dia-de-itaka-escolapios-en-zaragoza/embed/#?secret=oScTsp4B0e" width="600" height="338" title="&#8220;Día de Itaka Escolapios en Zaragoza&#8221; &#8212; Itaka-Escolapios" data-secret="oScTsp4B0e" frameborder="0" marginwidth="0" marginheight="0" scrolling="no" class="wp-embedded-content"></iframe><script type="text/javascript">
/* <![CDATA[ */
/*! This file is auto-generated */
!function(d,l){"use strict";l.querySelector&&d.addEventListener&&"undefined"!=typeof URL&&(d.wp=d.wp||{},d.wp.receiveEmbedMessage||(d.wp.receiveEmbedMessage=function(e){var t=e.data;if((t||t.secret||t.message||t.value)&&!/[^a-zA-Z0-9]/.test(t.secret)){for(var s,r,n,a=l.querySelectorAll('iframe[data-secret="'+t.secret+'"]'),o=l.querySelectorAll('blockquote[data-secret="'+t.secret+'"]'),c=new RegExp("^https?:$","i"),i=0;i<o.length;i++)o[i].style.display="none";for(i=0;i<a.length;i++)s=a[i],e.source===s.contentWindow&&(s.removeAttribute("style"),"height"===t.message?(1e3<(r=parseInt(t.value,10))?r=1e3:~~r<200&&(r=200),s.height=r):"link"===t.message&&(r=new URL(s.getAttribute("src")),n=new URL(t.value),c.test(n.protocol))&&n.host===r.host&&l.activeElement===s&&(d.top.location.href=t.value))}},d.addEventListener("message",d.wp.receiveEmbedMessage,!1),l.addEventListener("DOMContentLoaded",function(){for(var e,t,s=l.querySelectorAll("iframe.wp-embedded-content"),r=0;r<s.length;r++)(t=(e=s[r]).getAttribute("data-secret"))||(t=Math.random().toString(36).substring(2,12),e.src+="#?secret="+t,e.setAttribute("data-secret",t)),e.contentWindow.postMessage({message:"ready",secret:t},"*")},!1)))}(window,document);
//# sourceURL=https://www.itakaescolapios.org/wp-includes/js/wp-embed.min.js
/* ]]> */
</script>

El pasado sábado, 28 de noviembre, en el entorno de las fechas de la semana escolapia celebramos el Día de Itaka Escolapios. Fue una oportunidad magnífica para encontrarnos los que formamos parte de esta gran familia( socios, voluntarios, familias, alumnos, profesores, amigos,...) Participamos cerca de 150 personas en las distintas actividades programadas y colaboramos con&hellip;
