{"version":"1.0","provider_name":"Itaka-Escolapios","provider_url":"https:\/\/www.itakaescolapios.org\/eu\/","author_name":"bolivia01","author_url":"https:\/\/www.itakaescolapios.org\/eu\/author\/bolivia01\/","title":"PADRE CARLOS CURIEL, VICARIO GENERAL DE COCHABAMBA","type":"rich","width":600,"height":338,"html":"<blockquote class=\"wp-embedded-content\" data-secret=\"hV7LwCPhuD\"><a href=\"https:\/\/www.itakaescolapios.org\/eu\/2016\/03\/padre-carlos-curiel-vicario-general-de-cochabamba\/\">PADRE CARLOS CURIEL, VICARIO GENERAL DE COCHABAMBA<\/a><\/blockquote><iframe sandbox=\"allow-scripts\" security=\"restricted\" src=\"https:\/\/www.itakaescolapios.org\/eu\/2016\/03\/padre-carlos-curiel-vicario-general-de-cochabamba\/embed\/#?secret=hV7LwCPhuD\" width=\"600\" height=\"338\" title=\"&#8220;PADRE CARLOS CURIEL, VICARIO GENERAL DE COCHABAMBA&#8221; &#8212; Itaka-Escolapios\" data-secret=\"hV7LwCPhuD\" frameborder=\"0\" marginwidth=\"0\" marginheight=\"0\" scrolling=\"no\" class=\"wp-embedded-content\"><\/iframe><script type=\"text\/javascript\">\n\/* <![CDATA[ *\/\n\/*! This file is auto-generated *\/\n!function(d,l){\"use strict\";l.querySelector&&d.addEventListener&&\"undefined\"!=typeof URL&&(d.wp=d.wp||{},d.wp.receiveEmbedMessage||(d.wp.receiveEmbedMessage=function(e){var t=e.data;if((t||t.secret||t.message||t.value)&&!\/[^a-zA-Z0-9]\/.test(t.secret)){for(var s,r,n,a=l.querySelectorAll('iframe[data-secret=\"'+t.secret+'\"]'),o=l.querySelectorAll('blockquote[data-secret=\"'+t.secret+'\"]'),c=new RegExp(\"^https?:$\",\"i\"),i=0;i<o.length;i++)o[i].style.display=\"none\";for(i=0;i<a.length;i++)s=a[i],e.source===s.contentWindow&&(s.removeAttribute(\"style\"),\"height\"===t.message?(1e3<(r=parseInt(t.value,10))?r=1e3:~~r<200&&(r=200),s.height=r):\"link\"===t.message&&(r=new URL(s.getAttribute(\"src\")),n=new URL(t.value),c.test(n.protocol))&&n.host===r.host&&l.activeElement===s&&(d.top.location.href=t.value))}},d.addEventListener(\"message\",d.wp.receiveEmbedMessage,!1),l.addEventListener(\"DOMContentLoaded\",function(){for(var e,t,s=l.querySelectorAll(\"iframe.wp-embedded-content\"),r=0;r<s.length;r++)(t=(e=s[r]).getAttribute(\"data-secret\"))||(t=Math.random().toString(36).substring(2,12),e.src+=\"#?secret=\"+t,e.setAttribute(\"data-secret\",t)),e.contentWindow.postMessage({message:\"ready\",secret:t},\"*\")},!1)))}(window,document);\n\/\/# sourceURL=https:\/\/www.itakaescolapios.org\/wp-includes\/js\/wp-embed.min.js\n\/* ]]> *\/\n<\/script>\n","thumbnail_url":"https:\/\/www.itakaescolapios.org\/wp-content\/uploads\/2016\/03\/Sin-t\u00edtulo2.jpg","thumbnail_width":352,"thumbnail_height":240,"description":"El P. Carlos Curiel ha sido nombrado Vicario General de la Arquidi\u00f3cesis de Cochabamba por Mons. \u00d3scar Aparicio, Arzobispo de Cochabamba. Mons. Oscar hizo una petici\u00f3n para este nombramiento al P. Viceprovincial, aprovechando la visita del P. Mariano Grassa a Bolivia, a final de diciembre, estuvieron conversando con el Arzobispo para discernir sobre este nombramiento.&hellip;"}

https://www.itakaescolapios.org/wp-content/uploads/2016/03/Sin-título2.jpg

El P. Carlos Curiel ha sido nombrado Vicario General de la Arquidiócesis de Cochabamba por Mons. Óscar Aparicio, Arzobispo de Cochabamba. Mons. Oscar hizo una petición para este nombramiento al P. Viceprovincial, aprovechando la visita del P. Mariano Grassa a Bolivia, a final de diciembre, estuvieron conversando con el Arzobispo para discernir sobre este nombramiento.&hellip;
