{"version":"1.0","provider_name":"Itaka-Escolapios","provider_url":"https:\/\/www.itakaescolapios.org\/eu\/","author_name":"valencia01","author_url":"https:\/\/www.itakaescolapios.org\/eu\/author\/valencia01\/","title":"REUNI\u00d3N DEL EQUIPO PROVINCIAL DE ACCI\u00d3N SOCIAL","type":"rich","width":600,"height":338,"html":"<blockquote class=\"wp-embedded-content\" data-secret=\"MxIDuqaaJz\"><a href=\"https:\/\/www.itakaescolapios.org\/eu\/2018\/06\/reunion-del-equipo-provincial-de-accion-social\/\">REUNI\u00d3N DEL EQUIPO PROVINCIAL DE ACCI\u00d3N SOCIAL<\/a><\/blockquote><iframe sandbox=\"allow-scripts\" security=\"restricted\" src=\"https:\/\/www.itakaescolapios.org\/eu\/2018\/06\/reunion-del-equipo-provincial-de-accion-social\/embed\/#?secret=MxIDuqaaJz\" width=\"600\" height=\"338\" title=\"&#8220;REUNI\u00d3N DEL EQUIPO PROVINCIAL DE ACCI\u00d3N SOCIAL&#8221; &#8212; Itaka-Escolapios\" data-secret=\"MxIDuqaaJz\" frameborder=\"0\" marginwidth=\"0\" marginheight=\"0\" scrolling=\"no\" class=\"wp-embedded-content\"><\/iframe><script type=\"text\/javascript\">\n\/* <![CDATA[ *\/\n\/*! This file is auto-generated *\/\n!function(d,l){\"use strict\";l.querySelector&&d.addEventListener&&\"undefined\"!=typeof URL&&(d.wp=d.wp||{},d.wp.receiveEmbedMessage||(d.wp.receiveEmbedMessage=function(e){var t=e.data;if((t||t.secret||t.message||t.value)&&!\/[^a-zA-Z0-9]\/.test(t.secret)){for(var s,r,n,a=l.querySelectorAll('iframe[data-secret=\"'+t.secret+'\"]'),o=l.querySelectorAll('blockquote[data-secret=\"'+t.secret+'\"]'),c=new RegExp(\"^https?:$\",\"i\"),i=0;i<o.length;i++)o[i].style.display=\"none\";for(i=0;i<a.length;i++)s=a[i],e.source===s.contentWindow&&(s.removeAttribute(\"style\"),\"height\"===t.message?(1e3<(r=parseInt(t.value,10))?r=1e3:~~r<200&&(r=200),s.height=r):\"link\"===t.message&&(r=new URL(s.getAttribute(\"src\")),n=new URL(t.value),c.test(n.protocol))&&n.host===r.host&&l.activeElement===s&&(d.top.location.href=t.value))}},d.addEventListener(\"message\",d.wp.receiveEmbedMessage,!1),l.addEventListener(\"DOMContentLoaded\",function(){for(var e,t,s=l.querySelectorAll(\"iframe.wp-embedded-content\"),r=0;r<s.length;r++)(t=(e=s[r]).getAttribute(\"data-secret\"))||(t=Math.random().toString(36).substring(2,12),e.src+=\"#?secret=\"+t,e.setAttribute(\"data-secret\",t)),e.contentWindow.postMessage({message:\"ready\",secret:t},\"*\")},!1)))}(window,document);\n\/\/# sourceURL=https:\/\/www.itakaescolapios.org\/wp-includes\/js\/wp-embed.min.js\n\/* ]]> *\/\n<\/script>\n","thumbnail_url":"https:\/\/www.itakaescolapios.org\/wp-content\/uploads\/2018\/06\/epas-oviedo.jpeg","thumbnail_width":1024,"thumbnail_height":536,"description":"La pasada semana se reuni\u00f3 en el colegio Loyola- Escolapios de Oviedo el Equipo de Acci\u00f3n Social de la provincia de Betania, con el objetivo de dar seguimiento de los proyectos que se impulsan desde los departamentos de Acci\u00f3n Social de los distintos colegios. El equipo, compuesto por Jos\u00e9 \u00c1ngel Beltr\u00e1n, coordinador de Pastoral y&hellip;"}

REUNIÓN DEL EQUIPO PROVINCIAL DE ACCIÓN SOCIAL

<blockquote class="wp-embedded-content" data-secret="MxIDuqaaJz"><a href="https://www.itakaescolapios.org/eu/2018/06/reunion-del-equipo-provincial-de-accion-social/">REUNIÓN DEL EQUIPO PROVINCIAL DE ACCIÓN SOCIAL</a></blockquote><iframe sandbox="allow-scripts" security="restricted" src="https://www.itakaescolapios.org/eu/2018/06/reunion-del-equipo-provincial-de-accion-social/embed/#?secret=MxIDuqaaJz" width="600" height="338" title="&#8220;REUNIÓN DEL EQUIPO PROVINCIAL DE ACCIÓN SOCIAL&#8221; &#8212; Itaka-Escolapios" data-secret="MxIDuqaaJz" frameborder="0" marginwidth="0" marginheight="0" scrolling="no" class="wp-embedded-content"></iframe><script type="text/javascript">
/* <![CDATA[ */
/*! This file is auto-generated */
!function(d,l){"use strict";l.querySelector&&d.addEventListener&&"undefined"!=typeof URL&&(d.wp=d.wp||{},d.wp.receiveEmbedMessage||(d.wp.receiveEmbedMessage=function(e){var t=e.data;if((t||t.secret||t.message||t.value)&&!/[^a-zA-Z0-9]/.test(t.secret)){for(var s,r,n,a=l.querySelectorAll('iframe[data-secret="'+t.secret+'"]'),o=l.querySelectorAll('blockquote[data-secret="'+t.secret+'"]'),c=new RegExp("^https?:$","i"),i=0;i<o.length;i++)o[i].style.display="none";for(i=0;i<a.length;i++)s=a[i],e.source===s.contentWindow&&(s.removeAttribute("style"),"height"===t.message?(1e3<(r=parseInt(t.value,10))?r=1e3:~~r<200&&(r=200),s.height=r):"link"===t.message&&(r=new URL(s.getAttribute("src")),n=new URL(t.value),c.test(n.protocol))&&n.host===r.host&&l.activeElement===s&&(d.top.location.href=t.value))}},d.addEventListener("message",d.wp.receiveEmbedMessage,!1),l.addEventListener("DOMContentLoaded",function(){for(var e,t,s=l.querySelectorAll("iframe.wp-embedded-content"),r=0;r<s.length;r++)(t=(e=s[r]).getAttribute("data-secret"))||(t=Math.random().toString(36).substring(2,12),e.src+="#?secret="+t,e.setAttribute("data-secret",t)),e.contentWindow.postMessage({message:"ready",secret:t},"*")},!1)))}(window,document);
//# sourceURL=https://www.itakaescolapios.org/wp-includes/js/wp-embed.min.js
/* ]]> */
</script>

La pasada semana se reunió en el colegio Loyola- Escolapios de Oviedo el Equipo de Acción Social de la provincia de Betania, con el objetivo de dar seguimiento de los proyectos que se impulsan desde los departamentos de Acción Social de los distintos colegios. El equipo, compuesto por José Ángel Beltrán, coordinador de Pastoral y&hellip;
