{"version":"1.0","provider_name":"Itaka-Escolapios","provider_url":"https:\/\/www.itakaescolapios.org\/fr\/","author_name":"itaka","author_url":"https:\/\/www.itakaescolapios.org\/fr\/author\/itaka\/","title":"D\u00eda de los Derechos Humanos, 10 de diciembre","type":"rich","width":600,"height":338,"html":"<blockquote class=\"wp-embedded-content\" data-secret=\"MZfNWd6zVQ\"><a href=\"https:\/\/www.itakaescolapios.org\/fr\/2013\/12\/dia-de-los-derechos-humanos-10-de-diciembre\/\">D\u00eda de los Derechos Humanos, 10 de diciembre<\/a><\/blockquote><iframe sandbox=\"allow-scripts\" security=\"restricted\" src=\"https:\/\/www.itakaescolapios.org\/fr\/2013\/12\/dia-de-los-derechos-humanos-10-de-diciembre\/embed\/#?secret=MZfNWd6zVQ\" width=\"600\" height=\"338\" title=\"\u00ab\u00a0D\u00eda de los Derechos Humanos, 10 de diciembre\u00a0\u00bb &#8212; Itaka-Escolapios\" data-secret=\"MZfNWd6zVQ\" frameborder=\"0\" marginwidth=\"0\" marginheight=\"0\" scrolling=\"no\" class=\"wp-embedded-content\"><\/iframe><script type=\"text\/javascript\">\n\/* <![CDATA[ *\/\n\/*! This file is auto-generated *\/\n!function(d,l){\"use strict\";l.querySelector&&d.addEventListener&&\"undefined\"!=typeof URL&&(d.wp=d.wp||{},d.wp.receiveEmbedMessage||(d.wp.receiveEmbedMessage=function(e){var t=e.data;if((t||t.secret||t.message||t.value)&&!\/[^a-zA-Z0-9]\/.test(t.secret)){for(var s,r,n,a=l.querySelectorAll('iframe[data-secret=\"'+t.secret+'\"]'),o=l.querySelectorAll('blockquote[data-secret=\"'+t.secret+'\"]'),c=new RegExp(\"^https?:$\",\"i\"),i=0;i<o.length;i++)o[i].style.display=\"none\";for(i=0;i<a.length;i++)s=a[i],e.source===s.contentWindow&&(s.removeAttribute(\"style\"),\"height\"===t.message?(1e3<(r=parseInt(t.value,10))?r=1e3:~~r<200&&(r=200),s.height=r):\"link\"===t.message&&(r=new URL(s.getAttribute(\"src\")),n=new URL(t.value),c.test(n.protocol))&&n.host===r.host&&l.activeElement===s&&(d.top.location.href=t.value))}},d.addEventListener(\"message\",d.wp.receiveEmbedMessage,!1),l.addEventListener(\"DOMContentLoaded\",function(){for(var e,t,s=l.querySelectorAll(\"iframe.wp-embedded-content\"),r=0;r<s.length;r++)(t=(e=s[r]).getAttribute(\"data-secret\"))||(t=Math.random().toString(36).substring(2,12),e.src+=\"#?secret=\"+t,e.setAttribute(\"data-secret\",t)),e.contentWindow.postMessage({message:\"ready\",secret:t},\"*\")},!1)))}(window,document);\n\/\/# sourceURL=https:\/\/www.itakaescolapios.org\/wp-includes\/js\/wp-embed.min.js\n\/* ]]> *\/\n<\/script>\n","thumbnail_url":"https:\/\/www.itakaescolapios.org\/wp-content\/uploads\/2013\/12\/DDHH.jpg","thumbnail_width":400,"thumbnail_height":400,"description":"Importante fecha para recordar, pero tambi\u00e9n para darnos cuenta de que queda mucho trabajo por hacer todav\u00eda\u2026 La Asamblea General de las Naciones Unidas proclam\u00f3 el 10 de diciembre como D\u00eda de los Derechos Humanos en 1950, para se\u00f1alar a la atenci\u00f3n de \u00ablos pueblos del mundo\u00bb la Declaraci\u00f3n Universal de Derechos Humanos como ideal\u2026"}

Día de los Derechos Humanos, 10 de diciembre

<blockquote class="wp-embedded-content" data-secret="MZfNWd6zVQ"><a href="https://www.itakaescolapios.org/fr/2013/12/dia-de-los-derechos-humanos-10-de-diciembre/">Día de los Derechos Humanos, 10 de diciembre</a></blockquote><iframe sandbox="allow-scripts" security="restricted" src="https://www.itakaescolapios.org/fr/2013/12/dia-de-los-derechos-humanos-10-de-diciembre/embed/#?secret=MZfNWd6zVQ" width="600" height="338" title="« Día de los Derechos Humanos, 10 de diciembre » &#8212; Itaka-Escolapios" data-secret="MZfNWd6zVQ" frameborder="0" marginwidth="0" marginheight="0" scrolling="no" class="wp-embedded-content"></iframe><script type="text/javascript">
/* <![CDATA[ */
/*! This file is auto-generated */
!function(d,l){"use strict";l.querySelector&&d.addEventListener&&"undefined"!=typeof URL&&(d.wp=d.wp||{},d.wp.receiveEmbedMessage||(d.wp.receiveEmbedMessage=function(e){var t=e.data;if((t||t.secret||t.message||t.value)&&!/[^a-zA-Z0-9]/.test(t.secret)){for(var s,r,n,a=l.querySelectorAll('iframe[data-secret="'+t.secret+'"]'),o=l.querySelectorAll('blockquote[data-secret="'+t.secret+'"]'),c=new RegExp("^https?:$","i"),i=0;i<o.length;i++)o[i].style.display="none";for(i=0;i<a.length;i++)s=a[i],e.source===s.contentWindow&&(s.removeAttribute("style"),"height"===t.message?(1e3<(r=parseInt(t.value,10))?r=1e3:~~r<200&&(r=200),s.height=r):"link"===t.message&&(r=new URL(s.getAttribute("src")),n=new URL(t.value),c.test(n.protocol))&&n.host===r.host&&l.activeElement===s&&(d.top.location.href=t.value))}},d.addEventListener("message",d.wp.receiveEmbedMessage,!1),l.addEventListener("DOMContentLoaded",function(){for(var e,t,s=l.querySelectorAll("iframe.wp-embedded-content"),r=0;r<s.length;r++)(t=(e=s[r]).getAttribute("data-secret"))||(t=Math.random().toString(36).substring(2,12),e.src+="#?secret="+t,e.setAttribute("data-secret",t)),e.contentWindow.postMessage({message:"ready",secret:t},"*")},!1)))}(window,document);
//# sourceURL=https://www.itakaescolapios.org/wp-includes/js/wp-embed.min.js
/* ]]> */
</script>

Importante fecha para recordar, pero también para darnos cuenta de que queda mucho trabajo por hacer todavía… La Asamblea General de las Naciones Unidas proclamó el 10 de diciembre como Día de los Derechos Humanos en 1950, para señalar a la atención de «los pueblos del mundo» la Declaración Universal de Derechos Humanos como ideal…
