{"version":"1.0","provider_name":"Itaka-Escolapios","provider_url":"https:\/\/www.itakaescolapios.org\/pt\/","author_name":"itaka","author_url":"https:\/\/www.itakaescolapios.org\/pt\/author\/itaka\/","title":"ITAKA - ESCOLAPIOS EN ESTE D\u00cdA DEL MIGRANTE","type":"rich","width":600,"height":338,"html":"<blockquote class=\"wp-embedded-content\" data-secret=\"9WkjttPzA5\"><a href=\"https:\/\/www.itakaescolapios.org\/pt\/2018\/12\/itaka-escolapios-en-este-dia-del-migrante\/\">ITAKA - ESCOLAPIOS EN ESTE D\u00cdA DEL MIGRANTE<\/a><\/blockquote><iframe sandbox=\"allow-scripts\" security=\"restricted\" src=\"https:\/\/www.itakaescolapios.org\/pt\/2018\/12\/itaka-escolapios-en-este-dia-del-migrante\/embed\/#?secret=9WkjttPzA5\" width=\"600\" height=\"338\" title=\"&#8220;ITAKA - ESCOLAPIOS EN ESTE D\u00cdA DEL MIGRANTE&#8221; &#8212; Itaka-Escolapios\" data-secret=\"9WkjttPzA5\" frameborder=\"0\" marginwidth=\"0\" marginheight=\"0\" scrolling=\"no\" class=\"wp-embedded-content\"><\/iframe><script type=\"text\/javascript\">\n\/* <![CDATA[ *\/\n\/*! This file is auto-generated *\/\n!function(d,l){\"use strict\";l.querySelector&&d.addEventListener&&\"undefined\"!=typeof URL&&(d.wp=d.wp||{},d.wp.receiveEmbedMessage||(d.wp.receiveEmbedMessage=function(e){var t=e.data;if((t||t.secret||t.message||t.value)&&!\/[^a-zA-Z0-9]\/.test(t.secret)){for(var s,r,n,a=l.querySelectorAll('iframe[data-secret=\"'+t.secret+'\"]'),o=l.querySelectorAll('blockquote[data-secret=\"'+t.secret+'\"]'),c=new RegExp(\"^https?:$\",\"i\"),i=0;i<o.length;i++)o[i].style.display=\"none\";for(i=0;i<a.length;i++)s=a[i],e.source===s.contentWindow&&(s.removeAttribute(\"style\"),\"height\"===t.message?(1e3<(r=parseInt(t.value,10))?r=1e3:~~r<200&&(r=200),s.height=r):\"link\"===t.message&&(r=new URL(s.getAttribute(\"src\")),n=new URL(t.value),c.test(n.protocol))&&n.host===r.host&&l.activeElement===s&&(d.top.location.href=t.value))}},d.addEventListener(\"message\",d.wp.receiveEmbedMessage,!1),l.addEventListener(\"DOMContentLoaded\",function(){for(var e,t,s=l.querySelectorAll(\"iframe.wp-embedded-content\"),r=0;r<s.length;r++)(t=(e=s[r]).getAttribute(\"data-secret\"))||(t=Math.random().toString(36).substring(2,12),e.src+=\"#?secret=\"+t,e.setAttribute(\"data-secret\",t)),e.contentWindow.postMessage({message:\"ready\",secret:t},\"*\")},!1)))}(window,document);\n\/\/# sourceURL=https:\/\/www.itakaescolapios.org\/wp-includes\/js\/wp-embed.min.js\n\/* ]]> *\/\n<\/script>\n","thumbnail_url":"https:\/\/www.itakaescolapios.org\/wp-content\/uploads\/2018\/12\/1migrar.png","thumbnail_width":2444,"thumbnail_height":952,"description":"En este 16 de diciembre, D\u00eda Internacional del Migrante, queremos llamar la atenci\u00f3n sobre los cerca de 250 millones de personas que est\u00e1n fuera de su pa\u00eds buscando un futuro digno (y alrededor de otro 750 millones dentro del propio pa\u00eds y fuera de su tierra natal). Recordamos c\u00f3mo aquella pobre familia jud\u00eda no encontr\u00f3&hellip;"}

ITAKA - ESCOLAPIOS EN ESTE DÍA DEL MIGRANTE

<blockquote class="wp-embedded-content" data-secret="9WkjttPzA5"><a href="https://www.itakaescolapios.org/pt/2018/12/itaka-escolapios-en-este-dia-del-migrante/">ITAKA - ESCOLAPIOS EN ESTE DÍA DEL MIGRANTE</a></blockquote><iframe sandbox="allow-scripts" security="restricted" src="https://www.itakaescolapios.org/pt/2018/12/itaka-escolapios-en-este-dia-del-migrante/embed/#?secret=9WkjttPzA5" width="600" height="338" title="&#8220;ITAKA - ESCOLAPIOS EN ESTE DÍA DEL MIGRANTE&#8221; &#8212; Itaka-Escolapios" data-secret="9WkjttPzA5" frameborder="0" marginwidth="0" marginheight="0" scrolling="no" class="wp-embedded-content"></iframe><script type="text/javascript">
/* <![CDATA[ */
/*! This file is auto-generated */
!function(d,l){"use strict";l.querySelector&&d.addEventListener&&"undefined"!=typeof URL&&(d.wp=d.wp||{},d.wp.receiveEmbedMessage||(d.wp.receiveEmbedMessage=function(e){var t=e.data;if((t||t.secret||t.message||t.value)&&!/[^a-zA-Z0-9]/.test(t.secret)){for(var s,r,n,a=l.querySelectorAll('iframe[data-secret="'+t.secret+'"]'),o=l.querySelectorAll('blockquote[data-secret="'+t.secret+'"]'),c=new RegExp("^https?:$","i"),i=0;i<o.length;i++)o[i].style.display="none";for(i=0;i<a.length;i++)s=a[i],e.source===s.contentWindow&&(s.removeAttribute("style"),"height"===t.message?(1e3<(r=parseInt(t.value,10))?r=1e3:~~r<200&&(r=200),s.height=r):"link"===t.message&&(r=new URL(s.getAttribute("src")),n=new URL(t.value),c.test(n.protocol))&&n.host===r.host&&l.activeElement===s&&(d.top.location.href=t.value))}},d.addEventListener("message",d.wp.receiveEmbedMessage,!1),l.addEventListener("DOMContentLoaded",function(){for(var e,t,s=l.querySelectorAll("iframe.wp-embedded-content"),r=0;r<s.length;r++)(t=(e=s[r]).getAttribute("data-secret"))||(t=Math.random().toString(36).substring(2,12),e.src+="#?secret="+t,e.setAttribute("data-secret",t)),e.contentWindow.postMessage({message:"ready",secret:t},"*")},!1)))}(window,document);
//# sourceURL=https://www.itakaescolapios.org/wp-includes/js/wp-embed.min.js
/* ]]> */
</script>

En este 16 de diciembre, Día Internacional del Migrante, queremos llamar la atención sobre los cerca de 250 millones de personas que están fuera de su país buscando un futuro digno (y alrededor de otro 750 millones dentro del propio país y fuera de su tierra natal). Recordamos cómo aquella pobre familia judía no encontró&hellip;
